{"id":856,"date":"2022-03-08T09:06:33","date_gmt":"2022-03-08T08:06:33","guid":{"rendered":"https:\/\/www.espacefinance.com\/133881bdd\/?page_id=856"},"modified":"2022-03-08T09:56:40","modified_gmt":"2022-03-08T08:56:40","slug":"assurance-habitation","status":"publish","type":"page","link":"https:\/\/www.espacefinance.com\/133881bdd\/assurances-particuliers-professionnel-entreprise\/assurances-particuliers-auto-habitation\/assurance-habitation\/","title":{"rendered":"Logement"},"content":{"rendered":"\n<p>L&rsquo;assurance habitation peut \u00eatre souscrite par le propri\u00e9taire ou par le locataire d&rsquo;un logement. La souscription et la r\u00e9siliation du contrat sont r\u00e9glement\u00e9es.<\/p>\n\n\n\n<h1 class=\"wp-block-heading\">Assurance du logement par le propri\u00e9taire<\/h1>\n\n\n\n<p class=\"has-small-font-size\">Le propri\u00e9taire d&rsquo;un logement qui vit dedans n&rsquo;est pas oblig\u00e9 de souscrire une assurance habitation, mais il doit la souscrire si le bien est situ\u00e9 dans une copropri\u00e9t\u00e9. Le propri\u00e9taire qui met son bien en location doit quant \u00e0 lui veiller \u00e0 ce que le locataire prenne une assurance habitation, car il s&rsquo;agit d&rsquo;une obligation pour le locataire. De plus, le propri\u00e9taire qui loue son bien peut souscrire une assurance loyers impay\u00e9s, sauf si le locataire b\u00e9n\u00e9ficie de la&nbsp;<em>garantie Visale: Caution gratuite couvrant les impay\u00e9s de loyer et charges et les d\u00e9gradations locatives<\/em>.<\/p>\n\n\n\n<ul id=\"ui-tab-z12bvvr0r1jm3csb218n\" class=\"has-colibri-color-1-color has-text-color has-large-font-size wp-block-list\"><li>Propri\u00e9taire occupant son logement(actif)<\/li><\/ul>\n\n\n\n<div class=\"wp-block-group\"><div class=\"wp-block-group__inner-container is-layout-flow wp-block-group-is-layout-flow\">\n<h3 class=\"wp-block-heading\">Pas d&rsquo;obligation d&rsquo;assurance<\/h3>\n\n\n\n<h3 class=\"wp-block-heading\">Possibilit\u00e9 de souscrire une assurance habitation<\/h3>\n\n\n\n<p>Le propri\u00e9taire d&rsquo;un logement peut d\u00e9cider de prendre une assurance habitation.<\/p>\n\n\n\n<p class=\"has-small-font-size\">Il peut par exemple souscrire une&nbsp;<a href=\"https:\/\/www.service-public.fr\/particuliers\/vosdroits\/F1350\">multirisques habitation<\/a>, qui comprend la garantie obligatoire risques locatifs et des garanties compl\u00e9mentaires.<\/p>\n\n\n\n<p class=\"has-small-font-size\">Pour le propri\u00e9taire, l&rsquo;assurance multirisques habitation couvre les sinistres qui peuvent affecter un logement&nbsp;: incendie, explosion, d\u00e9g\u00e2t des eaux, etc. Il peut couvrir aussi le vol (biens et objets de valeur, embellissements et am\u00e9nagements int\u00e9rieurs du logement).<\/p>\n\n\n\n<p class=\"has-small-font-size\">Pour les tiers, l&rsquo;assurance multirisques habitation couvre par la responsabilit\u00e9 civile du propri\u00e9taire. Le contrat permet ainsi la r\u00e9paration des dommages caus\u00e9s par le propri\u00e9taire ou les personnes dont il est responsable (personne avec laquelle il vit en couple, enfants, employ\u00e9s &#8230;).<\/p>\n\n\n\n<p class=\"has-small-font-size\">&nbsp;&nbsp;<strong>\u00c0 savoir :&nbsp;<\/strong>le contrat peut cependant pr\u00e9ciser des exclusions de garantie. Par exemple pour le chien dress\u00e9 \u00e0 l&rsquo;attaque ou pour la pratique d&rsquo;une activit\u00e9 professionnelle dans le logement.<\/p>\n<\/div><\/div>\n\n\n\n<ul id=\"ui-tab-z12bvvr0r1jm3csb218n\" class=\"has-colibri-color-1-color has-text-color has-large-font-size wp-block-list\"><li>Propri\u00e9taire louant son logement<\/li><\/ul>\n\n\n\n<h3 class=\"wp-block-heading\">Assurance du logement lou\u00e9<\/h3>\n\n\n\n<div class=\"wp-block-group\"><div class=\"wp-block-group__inner-container is-layout-flow wp-block-group-is-layout-flow\">\n<p class=\"has-small-font-size\">Le propri\u00e9taire qui loue son bien peut se contenter de prendre une assurance uniquement pour sa&nbsp;<a href=\"https:\/\/www.service-public.fr\/particuliers\/vosdroits\/F2123\" target=\"_blank\" rel=\"noreferrer noopener nofollow\">responsabilit\u00e9 civile<\/a>.<\/p>\n\n\n\n<p class=\"has-small-font-size\">Il sera couvert en cas de pr\u00e9judice caus\u00e9 par un vice de construction ou une absence d&rsquo;entretien.<\/p>\n\n\n\n<p class=\"has-small-font-size\">En cas de sinistre, il peut choisir de demander la couverture de la garantie&nbsp;<em>recours des locataires<\/em>&nbsp;ou de la garantie&nbsp;<em>recours des voisins et des tiers<\/em>&nbsp;en fonction de celui qui est victime.<\/p>\n\n\n\n<p class=\"has-small-font-size\">&nbsp;&nbsp;<strong>\u00c0 noter :&nbsp;<\/strong>avant de vous engager aupr\u00e8s d&rsquo;un assureur, v\u00e9rifiez que le contrat propos\u00e9 ne fait pas double emploi avec celui souscrit par le&nbsp;<a href=\"https:\/\/www.service-public.fr\/particuliers\/vosdroits\/F2608\" target=\"_blank\" rel=\"noreferrer noopener nofollow\">syndic de copropri\u00e9t\u00e9<\/a>&nbsp;de votre immeuble.<\/p>\n\n\n\n<p class=\"has-small-font-size\">Le locataire doit remettre au propri\u00e9taire, \u00e0 la remise des clefs et ensuite chaque ann\u00e9e, une attestation d&rsquo;assurance.<\/p>\n\n\n\n<p class=\"has-small-font-size\">S&rsquo;il ne le fait pas, le propri\u00e9taire doit lui envoyer une mise en demeure pour lui rappeler l&rsquo;obligation de s&rsquo;assurer. La mise en demeure doit aussi informer le locataire que s&rsquo;il ne souscrit pas l&rsquo;assurance, le propri\u00e9taire la prendra lui-m\u00eame et lui demandera le remboursement.<\/p>\n\n\n\n<p class=\"has-small-font-size\">Si, un mois apr\u00e8s cette mise en demeure, le locataire ne lui a pas transmis l&rsquo;attestation d&rsquo;assurance, le propri\u00e9taire peut souscrire une assurance habitation pour le compte du locataire ou r\u00e9silier le contrat de bail. Mais il est n\u00e9cessaire qu&rsquo;une clause pr\u00e9voyant cette r\u00e9siliation soit inscrite dans le contrat.<\/p>\n\n\n\n<p class=\"has-small-font-size\">De plus, pour r\u00e9silier le bail, le propri\u00e9taire doit faire d\u00e9livrer au locataire par huissier un commandement et attendre que ce commandement reste infructueux pendant un d\u00e9lai de 1 mois.<\/p>\n\n\n\n<p class=\"has-small-font-size\">Le montant de la prime d&rsquo;assurance sera pay\u00e9 par le locataire tous les mois en plus du loyer au propri\u00e9taire.<\/p>\n\n\n\n<p class=\"has-small-font-size\">&nbsp;&nbsp;<strong>Attention :&nbsp;<\/strong>si le logement se situe dans une copropri\u00e9t\u00e9, le propri\u00e9taire doit obligatoirement s&rsquo;assurer en&nbsp;<a href=\"https:\/\/www.service-public.fr\/particuliers\/vosdroits\/F2123\">responsabilit\u00e9 civile<\/a>.<\/p>\n<\/div><\/div>\n\n\n\n<h3 class=\"wp-block-heading\">Assurance contre les loyers impay\u00e9s<\/h3>\n\n\n\n<div class=\"wp-block-group\"><div class=\"wp-block-group__inner-container is-layout-flow wp-block-group-is-layout-flow\">\n<p class=\"has-small-font-size\">Pour se prot\u00e9ger du risque de non-paiement des loyers par le locataire, le propri\u00e9taire peut souscrire une assurance loyers impay\u00e9s. Cette garantie est propos\u00e9e par les compagnies d&rsquo;assurance.<\/p>\n\n\n\n<p class=\"has-small-font-size\">Certains locataires b\u00e9n\u00e9ficient d&rsquo;une couverture similaire dans le cadre de la&nbsp;<a href=\"https:\/\/www.service-public.fr\/particuliers\/vosdroits\/F33453\">garantie Visale<\/a>. Il s&rsquo;agit d&rsquo;une caution accord\u00e9e par&nbsp;<em>Action Logement<\/em>&nbsp;pour \u00e0 faciliter l&rsquo;acc\u00e8s au logement de certaines cat\u00e9gories de travailleurs. Dans ce cas, le propri\u00e9taire peut b\u00e9n\u00e9ficier de la garantie sans avoir souscrit lui-m\u00eame l&rsquo;assurance.<\/p>\n\n\n\n<p class=\"has-small-font-size\">&nbsp;&nbsp;<strong>\u00c0 savoir :&nbsp;<\/strong>l&rsquo;assurance loyers impay\u00e9s ne s&rsquo;applique pas aux locations saisonni\u00e8res.<\/p>\n<\/div><\/div>\n\n\n\n<p><\/p>\n","protected":false},"excerpt":{"rendered":"<p>L&rsquo;assurance habitation peut \u00eatre souscrite par le propri\u00e9taire ou par le locataire d&rsquo;un logement. La souscription et la r\u00e9siliation du contrat sont r\u00e9glement\u00e9es. Assurance du logement par le propri\u00e9taire Le propri\u00e9taire d&rsquo;un logement qui vit dedans n&rsquo;est pas oblig\u00e9 de souscrire une assurance habitation, mais il doit la souscrire si le bien est situ\u00e9 dans [&hellip;]<\/p>\n","protected":false},"author":1,"featured_media":49,"parent":270,"menu_order":0,"comment_status":"closed","ping_status":"closed","template":"","meta":{"footnotes":""},"class_list":["post-856","page","type-page","status-publish","has-post-thumbnail","hentry"],"yoast_head":"<!-- This site is optimized with the Yoast SEO Premium plugin v20.0 (Yoast SEO v27.5) - https:\/\/yoast.com\/product\/yoast-seo-premium-wordpress\/ -->\n<title>Assurance Habitation<\/title>\n<meta name=\"description\" content=\"L&#039;assurance habitation peut \u00eatre souscrite par le propri\u00e9taire ou par le locataire d&#039;un logement. La souscription et la r\u00e9siliation du contrat sont r\u00e9glement\u00e9es.\" \/>\n<meta name=\"robots\" content=\"index, follow, max-snippet:-1, max-image-preview:large, max-video-preview:-1\" \/>\n<link rel=\"canonical\" href=\"https:\/\/www.espacefinance.com\/133881bdd\/assurances-particuliers-professionnel-entreprise\/assurances-particuliers-auto-habitation\/assurance-habitation\/\" \/>\n<meta property=\"og:locale\" content=\"fr_FR\" \/>\n<meta property=\"og:type\" content=\"article\" \/>\n<meta property=\"og:title\" content=\"Logement\" \/>\n<meta property=\"og:description\" content=\"L&#039;assurance habitation peut \u00eatre souscrite par le propri\u00e9taire ou par le locataire d&#039;un logement. La souscription et la r\u00e9siliation du contrat sont r\u00e9glement\u00e9es.\" \/>\n<meta property=\"og:url\" content=\"https:\/\/www.espacefinance.com\/133881bdd\/assurances-particuliers-professionnel-entreprise\/assurances-particuliers-auto-habitation\/assurance-habitation\/\" \/>\n<meta property=\"og:site_name\" content=\"N\u00eemes - Cr\u00e9dit Immobilier &amp; Assurances\" \/>\n<meta property=\"article:publisher\" content=\"https:\/\/www.facebook.com\/ymanci.credit.immobilier.assurance\" \/>\n<meta property=\"article:modified_time\" content=\"2022-03-08T08:56:40+00:00\" \/>\n<meta property=\"og:image\" content=\"https:\/\/www.espacefinance.com\/133881bdd\/wp-content\/uploads\/2022\/02\/light-sky-road-street-night-house-1417318-pxhere-com.jpg\" \/>\n\t<meta property=\"og:image:width\" content=\"800\" \/>\n\t<meta property=\"og:image:height\" content=\"533\" \/>\n\t<meta property=\"og:image:type\" content=\"image\/jpeg\" \/>\n<meta name=\"twitter:card\" content=\"summary_large_image\" \/>\n<meta name=\"twitter:site\" content=\"@YMANCI_NIMES\" \/>\n<meta name=\"twitter:label1\" content=\"Dur\u00e9e de lecture estim\u00e9e\" \/>\n\t<meta name=\"twitter:data1\" content=\"4 minutes\" \/>\n<script type=\"application\/ld+json\" class=\"yoast-schema-graph\">{\"@context\":\"https:\\\/\\\/schema.org\",\"@graph\":[{\"@type\":\"WebPage\",\"@id\":\"https:\\\/\\\/www.espacefinance.com\\\/133881bdd\\\/assurances-particuliers-professionnel-entreprise\\\/assurances-particuliers-auto-habitation\\\/assurance-habitation\\\/\",\"url\":\"https:\\\/\\\/www.espacefinance.com\\\/133881bdd\\\/assurances-particuliers-professionnel-entreprise\\\/assurances-particuliers-auto-habitation\\\/assurance-habitation\\\/\",\"name\":\"Assurance Habitation\",\"isPartOf\":{\"@id\":\"https:\\\/\\\/www.espacefinance.com\\\/133881bdd\\\/#website\"},\"primaryImageOfPage\":{\"@id\":\"https:\\\/\\\/www.espacefinance.com\\\/133881bdd\\\/assurances-particuliers-professionnel-entreprise\\\/assurances-particuliers-auto-habitation\\\/assurance-habitation\\\/#primaryimage\"},\"image\":{\"@id\":\"https:\\\/\\\/www.espacefinance.com\\\/133881bdd\\\/assurances-particuliers-professionnel-entreprise\\\/assurances-particuliers-auto-habitation\\\/assurance-habitation\\\/#primaryimage\"},\"thumbnailUrl\":\"https:\\\/\\\/www.espacefinance.com\\\/133881bdd\\\/wp-content\\\/uploads\\\/2022\\\/02\\\/light-sky-road-street-night-house-1417318-pxhere-com.jpg\",\"datePublished\":\"2022-03-08T08:06:33+00:00\",\"dateModified\":\"2022-03-08T08:56:40+00:00\",\"description\":\"L'assurance habitation peut \u00eatre souscrite par le propri\u00e9taire ou par le locataire d'un logement. La souscription et la r\u00e9siliation du contrat sont r\u00e9glement\u00e9es.\",\"breadcrumb\":{\"@id\":\"https:\\\/\\\/www.espacefinance.com\\\/133881bdd\\\/assurances-particuliers-professionnel-entreprise\\\/assurances-particuliers-auto-habitation\\\/assurance-habitation\\\/#breadcrumb\"},\"inLanguage\":\"fr-FR\",\"potentialAction\":[{\"@type\":\"ReadAction\",\"target\":[\"https:\\\/\\\/www.espacefinance.com\\\/133881bdd\\\/assurances-particuliers-professionnel-entreprise\\\/assurances-particuliers-auto-habitation\\\/assurance-habitation\\\/\"]}]},{\"@type\":\"ImageObject\",\"inLanguage\":\"fr-FR\",\"@id\":\"https:\\\/\\\/www.espacefinance.com\\\/133881bdd\\\/assurances-particuliers-professionnel-entreprise\\\/assurances-particuliers-auto-habitation\\\/assurance-habitation\\\/#primaryimage\",\"url\":\"https:\\\/\\\/www.espacefinance.com\\\/133881bdd\\\/wp-content\\\/uploads\\\/2022\\\/02\\\/light-sky-road-street-night-house-1417318-pxhere-com.jpg\",\"contentUrl\":\"https:\\\/\\\/www.espacefinance.com\\\/133881bdd\\\/wp-content\\\/uploads\\\/2022\\\/02\\\/light-sky-road-street-night-house-1417318-pxhere-com.jpg\",\"width\":800,\"height\":533,\"caption\":\"Assurances Habitation\"},{\"@type\":\"BreadcrumbList\",\"@id\":\"https:\\\/\\\/www.espacefinance.com\\\/133881bdd\\\/assurances-particuliers-professionnel-entreprise\\\/assurances-particuliers-auto-habitation\\\/assurance-habitation\\\/#breadcrumb\",\"itemListElement\":[{\"@type\":\"ListItem\",\"position\":1,\"name\":\"Accueil\",\"item\":\"https:\\\/\\\/www.espacefinance.com\\\/133881bdd\\\/\"},{\"@type\":\"ListItem\",\"position\":2,\"name\":\"Courtage en Assurances\",\"item\":\"https:\\\/\\\/www.espacefinance.com\\\/133881bdd\\\/assurances-particuliers-professionnel-entreprise\\\/\"},{\"@type\":\"ListItem\",\"position\":3,\"name\":\"Assurances pour les particuliers\",\"item\":\"https:\\\/\\\/www.espacefinance.com\\\/133881bdd\\\/assurances-particuliers-professionnel-entreprise\\\/assurances-particuliers-auto-habitation\\\/\"},{\"@type\":\"ListItem\",\"position\":4,\"name\":\"Logement\"}]},{\"@type\":\"WebSite\",\"@id\":\"https:\\\/\\\/www.espacefinance.com\\\/133881bdd\\\/#website\",\"url\":\"https:\\\/\\\/www.espacefinance.com\\\/133881bdd\\\/\",\"name\":\"N\u00eemes - Cr\u00e9dit Immobilier &amp; Assurances\",\"description\":\"Notre expertise \u00e0 votre service en toute transparence\",\"publisher\":{\"@id\":\"https:\\\/\\\/www.espacefinance.com\\\/133881bdd\\\/#organization\"},\"potentialAction\":[{\"@type\":\"SearchAction\",\"target\":{\"@type\":\"EntryPoint\",\"urlTemplate\":\"https:\\\/\\\/www.espacefinance.com\\\/133881bdd\\\/?s={search_term_string}\"},\"query-input\":{\"@type\":\"PropertyValueSpecification\",\"valueRequired\":true,\"valueName\":\"search_term_string\"}}],\"inLanguage\":\"fr-FR\"},{\"@type\":\"Organization\",\"@id\":\"https:\\\/\\\/www.espacefinance.com\\\/133881bdd\\\/#organization\",\"name\":\"ESPACE FINANCE LP\",\"url\":\"https:\\\/\\\/www.espacefinance.com\\\/133881bdd\\\/\",\"logo\":{\"@type\":\"ImageObject\",\"inLanguage\":\"fr-FR\",\"@id\":\"https:\\\/\\\/www.espacefinance.com\\\/133881bdd\\\/#\\\/schema\\\/logo\\\/image\\\/\",\"url\":\"https:\\\/\\\/www.espacefinance.com\\\/133881bdd\\\/wp-content\\\/uploads\\\/2022\\\/03\\\/LOGO-ESFI-YMANCI-022022.jpg\",\"contentUrl\":\"https:\\\/\\\/www.espacefinance.com\\\/133881bdd\\\/wp-content\\\/uploads\\\/2022\\\/03\\\/LOGO-ESFI-YMANCI-022022.jpg\",\"width\":1273,\"height\":710,\"caption\":\"ESPACE FINANCE LP\"},\"image\":{\"@id\":\"https:\\\/\\\/www.espacefinance.com\\\/133881bdd\\\/#\\\/schema\\\/logo\\\/image\\\/\"},\"sameAs\":[\"https:\\\/\\\/www.facebook.com\\\/ymanci.credit.immobilier.assurance\",\"https:\\\/\\\/x.com\\\/YMANCI_NIMES\",\"https:\\\/\\\/www.instagram.com\\\/espacefinancelp_ymanci_nimes\\\/?hl=fr\",\"https:\\\/\\\/www.linkedin.com\\\/showcase\\\/ymanci-nmes\\\/\",\"https:\\\/\\\/www.youtube.com\\\/channel\\\/UC1PRm7p_QVdRMUaS_Hq6zwA\"]}]}<\/script>\n<!-- \/ Yoast SEO Premium plugin. -->","yoast_head_json":{"title":"Assurance Habitation","description":"L'assurance habitation peut \u00eatre souscrite par le propri\u00e9taire ou par le locataire d'un logement. La souscription et la r\u00e9siliation du contrat sont r\u00e9glement\u00e9es.","robots":{"index":"index","follow":"follow","max-snippet":"max-snippet:-1","max-image-preview":"max-image-preview:large","max-video-preview":"max-video-preview:-1"},"canonical":"https:\/\/www.espacefinance.com\/133881bdd\/assurances-particuliers-professionnel-entreprise\/assurances-particuliers-auto-habitation\/assurance-habitation\/","og_locale":"fr_FR","og_type":"article","og_title":"Logement","og_description":"L'assurance habitation peut \u00eatre souscrite par le propri\u00e9taire ou par le locataire d'un logement. La souscription et la r\u00e9siliation du contrat sont r\u00e9glement\u00e9es.","og_url":"https:\/\/www.espacefinance.com\/133881bdd\/assurances-particuliers-professionnel-entreprise\/assurances-particuliers-auto-habitation\/assurance-habitation\/","og_site_name":"N\u00eemes - Cr\u00e9dit Immobilier &amp; Assurances","article_publisher":"https:\/\/www.facebook.com\/ymanci.credit.immobilier.assurance","article_modified_time":"2022-03-08T08:56:40+00:00","og_image":[{"width":800,"height":533,"url":"https:\/\/www.espacefinance.com\/133881bdd\/wp-content\/uploads\/2022\/02\/light-sky-road-street-night-house-1417318-pxhere-com.jpg","type":"image\/jpeg"}],"twitter_card":"summary_large_image","twitter_site":"@YMANCI_NIMES","twitter_misc":{"Dur\u00e9e de lecture estim\u00e9e":"4 minutes"},"schema":{"@context":"https:\/\/schema.org","@graph":[{"@type":"WebPage","@id":"https:\/\/www.espacefinance.com\/133881bdd\/assurances-particuliers-professionnel-entreprise\/assurances-particuliers-auto-habitation\/assurance-habitation\/","url":"https:\/\/www.espacefinance.com\/133881bdd\/assurances-particuliers-professionnel-entreprise\/assurances-particuliers-auto-habitation\/assurance-habitation\/","name":"Assurance Habitation","isPartOf":{"@id":"https:\/\/www.espacefinance.com\/133881bdd\/#website"},"primaryImageOfPage":{"@id":"https:\/\/www.espacefinance.com\/133881bdd\/assurances-particuliers-professionnel-entreprise\/assurances-particuliers-auto-habitation\/assurance-habitation\/#primaryimage"},"image":{"@id":"https:\/\/www.espacefinance.com\/133881bdd\/assurances-particuliers-professionnel-entreprise\/assurances-particuliers-auto-habitation\/assurance-habitation\/#primaryimage"},"thumbnailUrl":"https:\/\/www.espacefinance.com\/133881bdd\/wp-content\/uploads\/2022\/02\/light-sky-road-street-night-house-1417318-pxhere-com.jpg","datePublished":"2022-03-08T08:06:33+00:00","dateModified":"2022-03-08T08:56:40+00:00","description":"L'assurance habitation peut \u00eatre souscrite par le propri\u00e9taire ou par le locataire d'un logement. La souscription et la r\u00e9siliation du contrat sont r\u00e9glement\u00e9es.","breadcrumb":{"@id":"https:\/\/www.espacefinance.com\/133881bdd\/assurances-particuliers-professionnel-entreprise\/assurances-particuliers-auto-habitation\/assurance-habitation\/#breadcrumb"},"inLanguage":"fr-FR","potentialAction":[{"@type":"ReadAction","target":["https:\/\/www.espacefinance.com\/133881bdd\/assurances-particuliers-professionnel-entreprise\/assurances-particuliers-auto-habitation\/assurance-habitation\/"]}]},{"@type":"ImageObject","inLanguage":"fr-FR","@id":"https:\/\/www.espacefinance.com\/133881bdd\/assurances-particuliers-professionnel-entreprise\/assurances-particuliers-auto-habitation\/assurance-habitation\/#primaryimage","url":"https:\/\/www.espacefinance.com\/133881bdd\/wp-content\/uploads\/2022\/02\/light-sky-road-street-night-house-1417318-pxhere-com.jpg","contentUrl":"https:\/\/www.espacefinance.com\/133881bdd\/wp-content\/uploads\/2022\/02\/light-sky-road-street-night-house-1417318-pxhere-com.jpg","width":800,"height":533,"caption":"Assurances Habitation"},{"@type":"BreadcrumbList","@id":"https:\/\/www.espacefinance.com\/133881bdd\/assurances-particuliers-professionnel-entreprise\/assurances-particuliers-auto-habitation\/assurance-habitation\/#breadcrumb","itemListElement":[{"@type":"ListItem","position":1,"name":"Accueil","item":"https:\/\/www.espacefinance.com\/133881bdd\/"},{"@type":"ListItem","position":2,"name":"Courtage en Assurances","item":"https:\/\/www.espacefinance.com\/133881bdd\/assurances-particuliers-professionnel-entreprise\/"},{"@type":"ListItem","position":3,"name":"Assurances pour les particuliers","item":"https:\/\/www.espacefinance.com\/133881bdd\/assurances-particuliers-professionnel-entreprise\/assurances-particuliers-auto-habitation\/"},{"@type":"ListItem","position":4,"name":"Logement"}]},{"@type":"WebSite","@id":"https:\/\/www.espacefinance.com\/133881bdd\/#website","url":"https:\/\/www.espacefinance.com\/133881bdd\/","name":"N\u00eemes - Cr\u00e9dit Immobilier &amp; Assurances","description":"Notre expertise \u00e0 votre service en toute transparence","publisher":{"@id":"https:\/\/www.espacefinance.com\/133881bdd\/#organization"},"potentialAction":[{"@type":"SearchAction","target":{"@type":"EntryPoint","urlTemplate":"https:\/\/www.espacefinance.com\/133881bdd\/?s={search_term_string}"},"query-input":{"@type":"PropertyValueSpecification","valueRequired":true,"valueName":"search_term_string"}}],"inLanguage":"fr-FR"},{"@type":"Organization","@id":"https:\/\/www.espacefinance.com\/133881bdd\/#organization","name":"ESPACE FINANCE LP","url":"https:\/\/www.espacefinance.com\/133881bdd\/","logo":{"@type":"ImageObject","inLanguage":"fr-FR","@id":"https:\/\/www.espacefinance.com\/133881bdd\/#\/schema\/logo\/image\/","url":"https:\/\/www.espacefinance.com\/133881bdd\/wp-content\/uploads\/2022\/03\/LOGO-ESFI-YMANCI-022022.jpg","contentUrl":"https:\/\/www.espacefinance.com\/133881bdd\/wp-content\/uploads\/2022\/03\/LOGO-ESFI-YMANCI-022022.jpg","width":1273,"height":710,"caption":"ESPACE FINANCE LP"},"image":{"@id":"https:\/\/www.espacefinance.com\/133881bdd\/#\/schema\/logo\/image\/"},"sameAs":["https:\/\/www.facebook.com\/ymanci.credit.immobilier.assurance","https:\/\/x.com\/YMANCI_NIMES","https:\/\/www.instagram.com\/espacefinancelp_ymanci_nimes\/?hl=fr","https:\/\/www.linkedin.com\/showcase\/ymanci-nmes\/","https:\/\/www.youtube.com\/channel\/UC1PRm7p_QVdRMUaS_Hq6zwA"]}]}},"_links":{"self":[{"href":"https:\/\/www.espacefinance.com\/133881bdd\/wp-json\/wp\/v2\/pages\/856","targetHints":{"allow":["GET"]}}],"collection":[{"href":"https:\/\/www.espacefinance.com\/133881bdd\/wp-json\/wp\/v2\/pages"}],"about":[{"href":"https:\/\/www.espacefinance.com\/133881bdd\/wp-json\/wp\/v2\/types\/page"}],"author":[{"embeddable":true,"href":"https:\/\/www.espacefinance.com\/133881bdd\/wp-json\/wp\/v2\/users\/1"}],"replies":[{"embeddable":true,"href":"https:\/\/www.espacefinance.com\/133881bdd\/wp-json\/wp\/v2\/comments?post=856"}],"version-history":[{"count":0,"href":"https:\/\/www.espacefinance.com\/133881bdd\/wp-json\/wp\/v2\/pages\/856\/revisions"}],"up":[{"embeddable":true,"href":"https:\/\/www.espacefinance.com\/133881bdd\/wp-json\/wp\/v2\/pages\/270"}],"wp:featuredmedia":[{"embeddable":true,"href":"https:\/\/www.espacefinance.com\/133881bdd\/wp-json\/wp\/v2\/media\/49"}],"wp:attachment":[{"href":"https:\/\/www.espacefinance.com\/133881bdd\/wp-json\/wp\/v2\/media?parent=856"}],"curies":[{"name":"wp","href":"https:\/\/api.w.org\/{rel}","templated":true}]}}