{"id":2010,"date":"2022-04-04T14:43:03","date_gmt":"2022-04-04T12:43:03","guid":{"rendered":"https:\/\/www.espacefinance.com\/133881bdd\/?page_id=2010"},"modified":"2022-04-08T17:06:51","modified_gmt":"2022-04-08T15:06:51","slug":"acheter-maison","status":"publish","type":"page","link":"https:\/\/www.espacefinance.com\/133881bdd\/financement-immobilier-travaux-professionnel-particulier\/credit-immobilier-financement\/achat-residence-principale-secondaire\/acheter-maison\/","title":{"rendered":"Acheter une maison"},"content":{"rendered":"\n<p class=\"has-colibri-color-2-color has-text-color has-large-font-size\"><strong>Acheter une maison<\/strong><\/p>\n\n\n\n<p>Vous avez fait le choix d&rsquo;acheter une maison&#8230;<\/p>\n\n\n\n<h2 class=\"wp-block-heading\" id=\"h-le-choix-d-acheter-une-maison-neuve-sans-travaux\"><strong><mark style=\"background-color:rgba(0, 0, 0, 0)\" class=\"has-inline-color has-colibri-color-1-color\">Le choix d&rsquo;acheter une maison neuve sans travaux<\/mark><\/strong><\/h2>\n\n\n\n<p>Si vous ne souhaitez pas vous lancer dans des r\u00e9novations qui peuvent durer plusieurs mois, vous pr\u00e9f\u00e8rerez opter pour l\u2019achat d\u2019une maison neuve finalis\u00e9e. <\/p>\n\n\n\n<p>Les frais de notaires lors de l\u2019achat d\u2019un logement neuf sont \u00e9galement r\u00e9duits puisqu\u2019ils n\u2019exc\u00e8deront pas 3% du prix de vente. <\/p>\n\n\n\n<p>Le prix au m2 sera cependant plus \u00e9lev\u00e9 que si vous achetiez un logement ancien puisqu\u2019il n\u2019y a aucun frais suppl\u00e9mentaire \u00e0 pr\u00e9voir.<\/p>\n\n\n\n<p><strong>Bon \u00e0 savoir&nbsp;:<\/strong>&nbsp;Pour l\u2019achat d\u2019un logement neuf pour de l\u2019investissement locatif, v\u00e9rifiez votre \u00e9ligibilit\u00e9 aux dispositifs en vigueur comme la loi Pinel.<\/p>\n\n\n\n<h2 class=\"wp-block-heading\" id=\"h-le-choix-d-acheter-une-maison-ancienne-a-renover\"><strong><mark style=\"background-color:rgba(0, 0, 0, 0)\" class=\"has-inline-color has-colibri-color-1-color\">Le choix d&rsquo;acheter une maison ancienne \u00e0 r\u00e9nover<\/mark><\/strong><\/h2>\n\n\n\n<p>Le prix d\u2019achat sera moins \u00e9lev\u00e9 que l\u2019achat d\u2019une maison neuve, en raison des frais \u00e0 pr\u00e9voir pour la r\u00e9alisation de vos travaux.<\/p>\n\n\n\n<p>Les travaux que vous allez effectuer donneront de la valeur \u00e0 votre maison. Bien souvent, le prix des travaux sera largement rentabilis\u00e9 \u00e0 la revente du bien. <\/p>\n\n\n\n<p>De plus, si vous r\u00e9alisez des travaux des travaux d\u2019agrandissement (extension, v\u00e9randa\u2026) vous gagnez des m\u00b2 et vous donnez une valeur suppl\u00e9mentaire \u00e0 votre maison.<\/p>\n\n\n\n<h2 class=\"wp-block-heading\" id=\"h-les-points-a-verifier-pour-l-achat-d-une-maison\"><strong><mark style=\"background-color:rgba(0, 0, 0, 0)\" class=\"has-inline-color has-colibri-color-1-color\">Les points \u00e0 v\u00e9rifier pour l\u2019achat d\u2019une maison<\/mark><\/strong><\/h2>\n\n\n\n<ul class=\"wp-block-list\"><li>L\u2019environnement et l\u2019exposition de la maison : n&rsquo;h\u00e9sitez pas \u00e0 visiter la maison \u00e0 diff\u00e9rentes heures de la journ\u00e9e<\/li><li>Les nuisances sonores : renseignez-vous aupr\u00e8s du voisinage et des anciens propri\u00e9taires<\/li><li>L\u2019\u00e9tat des murs et des sols<\/li><li>Type de chauffage et qualit\u00e9 de l\u2019installation<\/li><li>Les diagnostics&nbsp;: \u00e9nerg\u00e9tique, amiante\u2026<\/li><li>Le montant des taxes fonci\u00e8res et d\u2019habitation<\/li><li>Le cadastre pour la d\u00e9limitation du terrain<\/li><li>Les travaux \u00e0 envisager<\/li><li>Si la maison est en lotissement, le r\u00e8glement relatif<\/li><li>L&rsquo;\u00e9tat de la connexion internet : fibre ou non<\/li><\/ul>\n\n\n\n<h2 class=\"wp-block-heading\" id=\"h-les-avantages-de-la-maison-compare-a-l-appartement\"><strong><mark style=\"background-color:rgba(0, 0, 0, 0)\" class=\"has-inline-color has-colibri-color-1-color\">Les avantages de la maison compar\u00e9 \u00e0 l\u2019appartement<\/mark><\/strong><\/h2>\n\n\n\n<ul class=\"wp-block-list\"><li>Profitez de l\u2019espace de votre logement et surtout de votre terrain souvent plus int\u00e9ressants qu\u2019en appartement<\/li><li>Pas de charges ou de travaux de copropri\u00e9t\u00e9 \u00e0 pr\u00e9voir<\/li><li>Dans une maison, vous \u00eates en g\u00e9n\u00e9ral moins susceptibles d&rsquo;\u00eatre d\u00e9rang\u00e9s par le voisinage : odeur de cuisine, isolation faible qui entra\u00eene des bruits de voisinage.<\/li><\/ul>\n\n\n\n<div class=\"wp-block-buttons is-layout-flex wp-block-buttons-is-layout-flex\">\n<div class=\"wp-block-button\"><a class=\"wp-block-button__link\" href=\"https:\/\/www.espacefinance.com\/133881bdd\/financement-immobilier-travaux-professionnel-particulier\/credit-immobilier-financement\/achat-residence-principale-secondaire\/les-differents-types-de-pret-immobilier\/?customize_changeset_uuid=ca9bb9b5-ea51-4383-9fb7-7b8a42fab396\">Voir les diff\u00e9rentes formules de pr\u00eat immobilier<\/a><\/div>\n<\/div>\n","protected":false},"excerpt":{"rendered":"<p>Acheter une maison Vous avez fait le choix d&rsquo;acheter une maison&#8230; Le choix d&rsquo;acheter une maison neuve sans travaux Si vous ne souhaitez pas vous lancer dans des r\u00e9novations qui peuvent durer plusieurs mois, vous pr\u00e9f\u00e8rerez opter pour l\u2019achat d\u2019une maison neuve finalis\u00e9e. Les frais de notaires lors de l\u2019achat d\u2019un logement neuf sont \u00e9galement [&hellip;]<\/p>\n","protected":false},"author":1,"featured_media":2011,"parent":284,"menu_order":2,"comment_status":"closed","ping_status":"closed","template":"","meta":{"footnotes":""},"class_list":["post-2010","page","type-page","status-publish","has-post-thumbnail","hentry"],"yoast_head":"<!-- This site is optimized with the Yoast SEO Premium plugin v20.0 (Yoast SEO v27.5) - https:\/\/yoast.com\/product\/yoast-seo-premium-wordpress\/ -->\n<title>achat immobilier: maison ou appartement<\/title>\n<meta name=\"description\" content=\"En immobilier, les particularit\u00e9s li\u00e9es \u00e0 chaque type de bien sont nombreuses.\" \/>\n<meta name=\"robots\" content=\"index, follow, max-snippet:-1, max-image-preview:large, max-video-preview:-1\" \/>\n<link rel=\"canonical\" href=\"https:\/\/www.espacefinance.com\/133881bdd\/financement-immobilier-travaux-professionnel-particulier\/credit-immobilier-financement\/achat-residence-principale-secondaire\/achat-immobilier-maison-ou-appartement\/?customize_changeset_uuid=ca9bb9b5-ea51-4383-9fb7-7b8a42fab396\" \/>\n<meta property=\"og:locale\" content=\"fr_FR\" \/>\n<meta property=\"og:type\" content=\"article\" \/>\n<meta property=\"og:title\" content=\"Acheter une maison\" \/>\n<meta property=\"og:description\" content=\"Si vous ne souhaitez pas vous lancer dans des r\u00e9novations qui peuvent durer plusieurs mois, vous pr\u00e9f\u00e8rerez opter pour l\u2019achat d\u2019une maison neuve finalis\u00e9e\" \/>\n<meta property=\"og:url\" content=\"https:\/\/www.espacefinance.com\/133881bdd\/financement-immobilier-travaux-professionnel-particulier\/credit-immobilier-financement\/achat-residence-principale-secondaire\/achat-immobilier-maison-ou-appartement\/?customize_changeset_uuid=ca9bb9b5-ea51-4383-9fb7-7b8a42fab396\" \/>\n<meta property=\"og:site_name\" content=\"N\u00eemes - Cr\u00e9dit Immobilier &amp; Assurances\" \/>\n<meta property=\"article:publisher\" content=\"https:\/\/www.facebook.com\/ymanci.credit.immobilier.assurance\" \/>\n<meta property=\"article:modified_time\" content=\"2022-04-08T15:06:51+00:00\" \/>\n<meta property=\"og:image\" content=\"https:\/\/www.espacefinance.com\/133881bdd\/wp-content\/uploads\/2022\/04\/ACHAT-IMMOBILIER.jpg\" \/>\n\t<meta property=\"og:image:width\" content=\"470\" \/>\n\t<meta property=\"og:image:height\" content=\"282\" \/>\n\t<meta property=\"og:image:type\" content=\"image\/jpeg\" \/>\n<meta name=\"twitter:card\" content=\"summary_large_image\" \/>\n<meta name=\"twitter:site\" content=\"@YMANCI_NIMES\" \/>\n<meta name=\"twitter:label1\" content=\"Dur\u00e9e de lecture estim\u00e9e\" \/>\n\t<meta name=\"twitter:data1\" content=\"2 minutes\" \/>\n<script type=\"application\/ld+json\" class=\"yoast-schema-graph\">{\"@context\":\"https:\\\/\\\/schema.org\",\"@graph\":[{\"@type\":\"WebPage\",\"@id\":\"https:\\\/\\\/www.espacefinance.com\\\/133881bdd\\\/financement-immobilier-travaux-professionnel-particulier\\\/credit-immobilier-financement\\\/achat-residence-principale-secondaire\\\/acheter-maison\\\/\",\"url\":\"https:\\\/\\\/www.espacefinance.com\\\/133881bdd\\\/financement-immobilier-travaux-professionnel-particulier\\\/credit-immobilier-financement\\\/achat-residence-principale-secondaire\\\/achat-immobilier-maison-ou-appartement\\\/?customize_changeset_uuid=ca9bb9b5-ea51-4383-9fb7-7b8a42fab396\",\"name\":\"achat immobilier: maison ou appartement\",\"isPartOf\":{\"@id\":\"https:\\\/\\\/www.espacefinance.com\\\/133881bdd\\\/#website\"},\"primaryImageOfPage\":{\"@id\":\"https:\\\/\\\/www.espacefinance.com\\\/133881bdd\\\/financement-immobilier-travaux-professionnel-particulier\\\/credit-immobilier-financement\\\/achat-residence-principale-secondaire\\\/achat-immobilier-maison-ou-appartement\\\/?customize_changeset_uuid=ca9bb9b5-ea51-4383-9fb7-7b8a42fab396#primaryimage\"},\"image\":{\"@id\":\"https:\\\/\\\/www.espacefinance.com\\\/133881bdd\\\/financement-immobilier-travaux-professionnel-particulier\\\/credit-immobilier-financement\\\/achat-residence-principale-secondaire\\\/achat-immobilier-maison-ou-appartement\\\/?customize_changeset_uuid=ca9bb9b5-ea51-4383-9fb7-7b8a42fab396#primaryimage\"},\"thumbnailUrl\":\"https:\\\/\\\/www.espacefinance.com\\\/133881bdd\\\/wp-content\\\/uploads\\\/2022\\\/04\\\/ACHAT-IMMOBILIER.jpg\",\"datePublished\":\"2022-04-04T12:43:03+00:00\",\"dateModified\":\"2022-04-08T15:06:51+00:00\",\"description\":\"En immobilier, les particularit\u00e9s li\u00e9es \u00e0 chaque type de bien sont nombreuses.\",\"breadcrumb\":{\"@id\":\"https:\\\/\\\/www.espacefinance.com\\\/133881bdd\\\/financement-immobilier-travaux-professionnel-particulier\\\/credit-immobilier-financement\\\/achat-residence-principale-secondaire\\\/achat-immobilier-maison-ou-appartement\\\/?customize_changeset_uuid=ca9bb9b5-ea51-4383-9fb7-7b8a42fab396#breadcrumb\"},\"inLanguage\":\"fr-FR\",\"potentialAction\":[{\"@type\":\"ReadAction\",\"target\":[\"https:\\\/\\\/www.espacefinance.com\\\/133881bdd\\\/financement-immobilier-travaux-professionnel-particulier\\\/credit-immobilier-financement\\\/achat-residence-principale-secondaire\\\/achat-immobilier-maison-ou-appartement\\\/?customize_changeset_uuid=ca9bb9b5-ea51-4383-9fb7-7b8a42fab396\"]}]},{\"@type\":\"ImageObject\",\"inLanguage\":\"fr-FR\",\"@id\":\"https:\\\/\\\/www.espacefinance.com\\\/133881bdd\\\/financement-immobilier-travaux-professionnel-particulier\\\/credit-immobilier-financement\\\/achat-residence-principale-secondaire\\\/achat-immobilier-maison-ou-appartement\\\/?customize_changeset_uuid=ca9bb9b5-ea51-4383-9fb7-7b8a42fab396#primaryimage\",\"url\":\"https:\\\/\\\/www.espacefinance.com\\\/133881bdd\\\/wp-content\\\/uploads\\\/2022\\\/04\\\/ACHAT-IMMOBILIER.jpg\",\"contentUrl\":\"https:\\\/\\\/www.espacefinance.com\\\/133881bdd\\\/wp-content\\\/uploads\\\/2022\\\/04\\\/ACHAT-IMMOBILIER.jpg\",\"width\":470,\"height\":282,\"caption\":\"Achat Immobilier Neuf ou Ancien, Maison ou Appartemant, RS, RP, Locatif #achatimmobilier\"},{\"@type\":\"BreadcrumbList\",\"@id\":\"https:\\\/\\\/www.espacefinance.com\\\/133881bdd\\\/financement-immobilier-travaux-professionnel-particulier\\\/credit-immobilier-financement\\\/achat-residence-principale-secondaire\\\/achat-immobilier-maison-ou-appartement\\\/?customize_changeset_uuid=ca9bb9b5-ea51-4383-9fb7-7b8a42fab396#breadcrumb\",\"itemListElement\":[{\"@type\":\"ListItem\",\"position\":1,\"name\":\"Accueil\",\"item\":\"https:\\\/\\\/www.espacefinance.com\\\/133881bdd\\\/\"},{\"@type\":\"ListItem\",\"position\":2,\"name\":\"Financement\",\"item\":\"https:\\\/\\\/www.espacefinance.com\\\/133881bdd\\\/financement-immobilier-travaux-professionnel-particulier\\\/\"},{\"@type\":\"ListItem\",\"position\":3,\"name\":\"achat revente\",\"item\":\"https:\\\/\\\/www.espacefinance.com\\\/133881bdd\\\/financement-immobilier-travaux-professionnel-particulier\\\/credit-immobilier-financement\\\/\"},{\"@type\":\"ListItem\",\"position\":4,\"name\":\"R\u00e9sidence Principale \\\/ Secondaire\",\"item\":\"https:\\\/\\\/www.espacefinance.com\\\/133881bdd\\\/financement-immobilier-travaux-professionnel-particulier\\\/credit-immobilier-financement\\\/achat-residence-principale-secondaire\\\/\"},{\"@type\":\"ListItem\",\"position\":5,\"name\":\"achetez une maison\"}]},{\"@type\":\"WebSite\",\"@id\":\"https:\\\/\\\/www.espacefinance.com\\\/133881bdd\\\/#website\",\"url\":\"https:\\\/\\\/www.espacefinance.com\\\/133881bdd\\\/\",\"name\":\"N\u00eemes - Cr\u00e9dit Immobilier &amp; Assurances\",\"description\":\"Notre expertise \u00e0 votre service en toute transparence\",\"publisher\":{\"@id\":\"https:\\\/\\\/www.espacefinance.com\\\/133881bdd\\\/#organization\"},\"potentialAction\":[{\"@type\":\"SearchAction\",\"target\":{\"@type\":\"EntryPoint\",\"urlTemplate\":\"https:\\\/\\\/www.espacefinance.com\\\/133881bdd\\\/?s={search_term_string}\"},\"query-input\":{\"@type\":\"PropertyValueSpecification\",\"valueRequired\":true,\"valueName\":\"search_term_string\"}}],\"inLanguage\":\"fr-FR\"},{\"@type\":\"Organization\",\"@id\":\"https:\\\/\\\/www.espacefinance.com\\\/133881bdd\\\/#organization\",\"name\":\"ESPACE FINANCE LP\",\"url\":\"https:\\\/\\\/www.espacefinance.com\\\/133881bdd\\\/\",\"logo\":{\"@type\":\"ImageObject\",\"inLanguage\":\"fr-FR\",\"@id\":\"https:\\\/\\\/www.espacefinance.com\\\/133881bdd\\\/#\\\/schema\\\/logo\\\/image\\\/\",\"url\":\"https:\\\/\\\/www.espacefinance.com\\\/133881bdd\\\/wp-content\\\/uploads\\\/2022\\\/03\\\/LOGO-ESFI-YMANCI-022022.jpg\",\"contentUrl\":\"https:\\\/\\\/www.espacefinance.com\\\/133881bdd\\\/wp-content\\\/uploads\\\/2022\\\/03\\\/LOGO-ESFI-YMANCI-022022.jpg\",\"width\":1273,\"height\":710,\"caption\":\"ESPACE FINANCE LP\"},\"image\":{\"@id\":\"https:\\\/\\\/www.espacefinance.com\\\/133881bdd\\\/#\\\/schema\\\/logo\\\/image\\\/\"},\"sameAs\":[\"https:\\\/\\\/www.facebook.com\\\/ymanci.credit.immobilier.assurance\",\"https:\\\/\\\/x.com\\\/YMANCI_NIMES\",\"https:\\\/\\\/www.instagram.com\\\/espacefinancelp_ymanci_nimes\\\/?hl=fr\",\"https:\\\/\\\/www.linkedin.com\\\/showcase\\\/ymanci-nmes\\\/\",\"https:\\\/\\\/www.youtube.com\\\/channel\\\/UC1PRm7p_QVdRMUaS_Hq6zwA\"]}]}<\/script>\n<!-- \/ Yoast SEO Premium plugin. -->","yoast_head_json":{"title":"achat immobilier: maison ou appartement","description":"En immobilier, les particularit\u00e9s li\u00e9es \u00e0 chaque type de bien sont nombreuses.","robots":{"index":"index","follow":"follow","max-snippet":"max-snippet:-1","max-image-preview":"max-image-preview:large","max-video-preview":"max-video-preview:-1"},"canonical":"https:\/\/www.espacefinance.com\/133881bdd\/financement-immobilier-travaux-professionnel-particulier\/credit-immobilier-financement\/achat-residence-principale-secondaire\/achat-immobilier-maison-ou-appartement\/?customize_changeset_uuid=ca9bb9b5-ea51-4383-9fb7-7b8a42fab396","og_locale":"fr_FR","og_type":"article","og_title":"Acheter une maison","og_description":"Si vous ne souhaitez pas vous lancer dans des r\u00e9novations qui peuvent durer plusieurs mois, vous pr\u00e9f\u00e8rerez opter pour l\u2019achat d\u2019une maison neuve finalis\u00e9e","og_url":"https:\/\/www.espacefinance.com\/133881bdd\/financement-immobilier-travaux-professionnel-particulier\/credit-immobilier-financement\/achat-residence-principale-secondaire\/achat-immobilier-maison-ou-appartement\/?customize_changeset_uuid=ca9bb9b5-ea51-4383-9fb7-7b8a42fab396","og_site_name":"N\u00eemes - Cr\u00e9dit Immobilier &amp; Assurances","article_publisher":"https:\/\/www.facebook.com\/ymanci.credit.immobilier.assurance","article_modified_time":"2022-04-08T15:06:51+00:00","og_image":[{"width":470,"height":282,"url":"https:\/\/www.espacefinance.com\/133881bdd\/wp-content\/uploads\/2022\/04\/ACHAT-IMMOBILIER.jpg","type":"image\/jpeg"}],"twitter_card":"summary_large_image","twitter_site":"@YMANCI_NIMES","twitter_misc":{"Dur\u00e9e de lecture estim\u00e9e":"2 minutes"},"schema":{"@context":"https:\/\/schema.org","@graph":[{"@type":"WebPage","@id":"https:\/\/www.espacefinance.com\/133881bdd\/financement-immobilier-travaux-professionnel-particulier\/credit-immobilier-financement\/achat-residence-principale-secondaire\/acheter-maison\/","url":"https:\/\/www.espacefinance.com\/133881bdd\/financement-immobilier-travaux-professionnel-particulier\/credit-immobilier-financement\/achat-residence-principale-secondaire\/achat-immobilier-maison-ou-appartement\/?customize_changeset_uuid=ca9bb9b5-ea51-4383-9fb7-7b8a42fab396","name":"achat immobilier: maison ou appartement","isPartOf":{"@id":"https:\/\/www.espacefinance.com\/133881bdd\/#website"},"primaryImageOfPage":{"@id":"https:\/\/www.espacefinance.com\/133881bdd\/financement-immobilier-travaux-professionnel-particulier\/credit-immobilier-financement\/achat-residence-principale-secondaire\/achat-immobilier-maison-ou-appartement\/?customize_changeset_uuid=ca9bb9b5-ea51-4383-9fb7-7b8a42fab396#primaryimage"},"image":{"@id":"https:\/\/www.espacefinance.com\/133881bdd\/financement-immobilier-travaux-professionnel-particulier\/credit-immobilier-financement\/achat-residence-principale-secondaire\/achat-immobilier-maison-ou-appartement\/?customize_changeset_uuid=ca9bb9b5-ea51-4383-9fb7-7b8a42fab396#primaryimage"},"thumbnailUrl":"https:\/\/www.espacefinance.com\/133881bdd\/wp-content\/uploads\/2022\/04\/ACHAT-IMMOBILIER.jpg","datePublished":"2022-04-04T12:43:03+00:00","dateModified":"2022-04-08T15:06:51+00:00","description":"En immobilier, les particularit\u00e9s li\u00e9es \u00e0 chaque type de bien sont nombreuses.","breadcrumb":{"@id":"https:\/\/www.espacefinance.com\/133881bdd\/financement-immobilier-travaux-professionnel-particulier\/credit-immobilier-financement\/achat-residence-principale-secondaire\/achat-immobilier-maison-ou-appartement\/?customize_changeset_uuid=ca9bb9b5-ea51-4383-9fb7-7b8a42fab396#breadcrumb"},"inLanguage":"fr-FR","potentialAction":[{"@type":"ReadAction","target":["https:\/\/www.espacefinance.com\/133881bdd\/financement-immobilier-travaux-professionnel-particulier\/credit-immobilier-financement\/achat-residence-principale-secondaire\/achat-immobilier-maison-ou-appartement\/?customize_changeset_uuid=ca9bb9b5-ea51-4383-9fb7-7b8a42fab396"]}]},{"@type":"ImageObject","inLanguage":"fr-FR","@id":"https:\/\/www.espacefinance.com\/133881bdd\/financement-immobilier-travaux-professionnel-particulier\/credit-immobilier-financement\/achat-residence-principale-secondaire\/achat-immobilier-maison-ou-appartement\/?customize_changeset_uuid=ca9bb9b5-ea51-4383-9fb7-7b8a42fab396#primaryimage","url":"https:\/\/www.espacefinance.com\/133881bdd\/wp-content\/uploads\/2022\/04\/ACHAT-IMMOBILIER.jpg","contentUrl":"https:\/\/www.espacefinance.com\/133881bdd\/wp-content\/uploads\/2022\/04\/ACHAT-IMMOBILIER.jpg","width":470,"height":282,"caption":"Achat Immobilier Neuf ou Ancien, Maison ou Appartemant, RS, RP, Locatif #achatimmobilier"},{"@type":"BreadcrumbList","@id":"https:\/\/www.espacefinance.com\/133881bdd\/financement-immobilier-travaux-professionnel-particulier\/credit-immobilier-financement\/achat-residence-principale-secondaire\/achat-immobilier-maison-ou-appartement\/?customize_changeset_uuid=ca9bb9b5-ea51-4383-9fb7-7b8a42fab396#breadcrumb","itemListElement":[{"@type":"ListItem","position":1,"name":"Accueil","item":"https:\/\/www.espacefinance.com\/133881bdd\/"},{"@type":"ListItem","position":2,"name":"Financement","item":"https:\/\/www.espacefinance.com\/133881bdd\/financement-immobilier-travaux-professionnel-particulier\/"},{"@type":"ListItem","position":3,"name":"achat revente","item":"https:\/\/www.espacefinance.com\/133881bdd\/financement-immobilier-travaux-professionnel-particulier\/credit-immobilier-financement\/"},{"@type":"ListItem","position":4,"name":"R\u00e9sidence Principale \/ Secondaire","item":"https:\/\/www.espacefinance.com\/133881bdd\/financement-immobilier-travaux-professionnel-particulier\/credit-immobilier-financement\/achat-residence-principale-secondaire\/"},{"@type":"ListItem","position":5,"name":"achetez une maison"}]},{"@type":"WebSite","@id":"https:\/\/www.espacefinance.com\/133881bdd\/#website","url":"https:\/\/www.espacefinance.com\/133881bdd\/","name":"N\u00eemes - Cr\u00e9dit Immobilier &amp; Assurances","description":"Notre expertise \u00e0 votre service en toute transparence","publisher":{"@id":"https:\/\/www.espacefinance.com\/133881bdd\/#organization"},"potentialAction":[{"@type":"SearchAction","target":{"@type":"EntryPoint","urlTemplate":"https:\/\/www.espacefinance.com\/133881bdd\/?s={search_term_string}"},"query-input":{"@type":"PropertyValueSpecification","valueRequired":true,"valueName":"search_term_string"}}],"inLanguage":"fr-FR"},{"@type":"Organization","@id":"https:\/\/www.espacefinance.com\/133881bdd\/#organization","name":"ESPACE FINANCE LP","url":"https:\/\/www.espacefinance.com\/133881bdd\/","logo":{"@type":"ImageObject","inLanguage":"fr-FR","@id":"https:\/\/www.espacefinance.com\/133881bdd\/#\/schema\/logo\/image\/","url":"https:\/\/www.espacefinance.com\/133881bdd\/wp-content\/uploads\/2022\/03\/LOGO-ESFI-YMANCI-022022.jpg","contentUrl":"https:\/\/www.espacefinance.com\/133881bdd\/wp-content\/uploads\/2022\/03\/LOGO-ESFI-YMANCI-022022.jpg","width":1273,"height":710,"caption":"ESPACE FINANCE LP"},"image":{"@id":"https:\/\/www.espacefinance.com\/133881bdd\/#\/schema\/logo\/image\/"},"sameAs":["https:\/\/www.facebook.com\/ymanci.credit.immobilier.assurance","https:\/\/x.com\/YMANCI_NIMES","https:\/\/www.instagram.com\/espacefinancelp_ymanci_nimes\/?hl=fr","https:\/\/www.linkedin.com\/showcase\/ymanci-nmes\/","https:\/\/www.youtube.com\/channel\/UC1PRm7p_QVdRMUaS_Hq6zwA"]}]}},"_links":{"self":[{"href":"https:\/\/www.espacefinance.com\/133881bdd\/wp-json\/wp\/v2\/pages\/2010","targetHints":{"allow":["GET"]}}],"collection":[{"href":"https:\/\/www.espacefinance.com\/133881bdd\/wp-json\/wp\/v2\/pages"}],"about":[{"href":"https:\/\/www.espacefinance.com\/133881bdd\/wp-json\/wp\/v2\/types\/page"}],"author":[{"embeddable":true,"href":"https:\/\/www.espacefinance.com\/133881bdd\/wp-json\/wp\/v2\/users\/1"}],"replies":[{"embeddable":true,"href":"https:\/\/www.espacefinance.com\/133881bdd\/wp-json\/wp\/v2\/comments?post=2010"}],"version-history":[{"count":0,"href":"https:\/\/www.espacefinance.com\/133881bdd\/wp-json\/wp\/v2\/pages\/2010\/revisions"}],"up":[{"embeddable":true,"href":"https:\/\/www.espacefinance.com\/133881bdd\/wp-json\/wp\/v2\/pages\/284"}],"wp:featuredmedia":[{"embeddable":true,"href":"https:\/\/www.espacefinance.com\/133881bdd\/wp-json\/wp\/v2\/media\/2011"}],"wp:attachment":[{"href":"https:\/\/www.espacefinance.com\/133881bdd\/wp-json\/wp\/v2\/media?parent=2010"}],"curies":[{"name":"wp","href":"https:\/\/api.w.org\/{rel}","templated":true}]}}