{"id":1600,"date":"2022-03-21T18:38:15","date_gmt":"2022-03-21T17:38:15","guid":{"rendered":"https:\/\/www.espacefinance.com\/133881bdd\/?page_id=1600"},"modified":"2022-05-24T13:15:25","modified_gmt":"2022-05-24T11:15:25","slug":"informations-utiles","status":"publish","type":"page","link":"https:\/\/www.espacefinance.com\/133881bdd\/courtier-credit-immobilier-nimes\/informations-utiles\/","title":{"rendered":"Informations Utiles"},"content":{"rendered":"\n<h2 class=\"wp-block-heading\" id=\"h-regles-d-or-pour-circuler-a-velo\">R\u00e8gles d&rsquo;or pour circuler \u00e0 v\u00e9lo<\/h2>\n\n\n<p><iframe src=\"https:\/\/www.facebook.com\/plugins\/video.php?height=476&amp;href=https%3A%2F%2Fwww.facebook.com%2Frouteplussure%2Fvideos%2F4903397546435316%2F&amp;show_text=true&amp;width=476&amp;t=0\" width=\"476\" height=\"591\" style=\"border:none;overflow:hidden\" scrolling=\"no\" frameborder=\"0\" allowfullscreen=\"true\" allow=\"autoplay; clipboard-write; encrypted-media; picture-in-picture; web-share\"><\/iframe><\/p>\n\n\n\n<h2 class=\"wp-block-heading\" id=\"h-trotinette-electrique\">Trotinette Electrique<\/h2>\n\n\n<p><iframe src=\"https:\/\/www.facebook.com\/plugins\/post.php?href=https%3A%2F%2Fwww.facebook.com%2FPoliceNat19%2Fposts%2F315648244065863&amp;show_text=true&amp;width=500\" width=\"500\" height=\"497\" style=\"border:none;overflow:hidden\" scrolling=\"no\" frameborder=\"0\" allowfullscreen=\"true\" allow=\"autoplay; clipboard-write; encrypted-media; picture-in-picture; web-share\"><\/iframe><\/p>\n\n\n\n<h2 class=\"wp-block-heading\" id=\"h-comment-reduire-vos-impots-grace-au-deficit-foncier\">Comment r\u00e9duire vos imp\u00f4ts gr\u00e2ce au d\u00e9ficit foncier ?<\/h2>\n\n\n\n<p><\/p>\n\n\n\n<figure class=\"wp-block-image size-full is-resized\" id=\"deficitfoncier\"><a href=\"https:\/\/www.economie.gouv.fr\/particuliers\/tout-savoir-deficit-foncier?xtor=ES-39-[BI_266_20220503]-20220503-[https:\/\/www.economie.gouv.fr\/particuliers\/tout-savoir-deficit-foncier]\" target=\"_blank\" rel=\"noopener\"><img decoding=\"async\" src=\"https:\/\/www.espacefinance.com\/133881bdd\/wp-content\/uploads\/2022\/05\/BLOG-DEFICITFONCIER052022.jpg\" alt=\"Comment r\u00e9duire vos imp\u00f4ts gr\u00e2ce au d\u00e9ficit foncier ?\" class=\"wp-image-2604\" width=\"561\" height=\"270\" title=\"Comment r\u00e9duire vos imp\u00f4ts gr\u00e2ce au d\u00e9ficit foncier ?\" srcset=\"https:\/\/www.espacefinance.com\/133881bdd\/wp-content\/uploads\/2022\/05\/BLOG-DEFICITFONCIER052022.jpg 748w, https:\/\/www.espacefinance.com\/133881bdd\/wp-content\/uploads\/2022\/05\/BLOG-DEFICITFONCIER052022-300x144.jpg 300w\" sizes=\"(max-width: 561px) 100vw, 561px\" \/><\/a><figcaption><a href=\"https:\/\/www.economie.gouv.fr\/particuliers\/tout-savoir-deficit-foncier?xtor=ES-39-[BI_266_20220503]-20220503-[https:\/\/www.economie.gouv.fr\/particuliers\/tout-savoir-deficit-foncier]\" target=\"_blank\" rel=\"noreferrer noopener\">Comment r\u00e9duire vos imp\u00f4ts gr\u00e2ce au d\u00e9ficit foncier ?<\/a><\/figcaption><\/figure>\n\n\n\n<h2 class=\"wp-block-heading\" id=\"h-bercy-infos\">Bercy Infos&#8230;<\/h2>\n\n\n<p><iframe src=\"https:\/\/www.facebook.com\/plugins\/video.php?height=476&amp;href=https%3A%2F%2Fwww.facebook.com%2FEconomie.Gouv%2Fvideos%2F393888952610850%2F&amp;show_text=false&amp;width=476&amp;t=0\" width=\"476\" height=\"476\" style=\"border:none;overflow:hidden\" scrolling=\"no\" frameborder=\"0\" allowfullscreen=\"true\" allow=\"autoplay; clipboard-write; encrypted-media; picture-in-picture; web-share\"><\/iframe><\/p>\n\n\n\n<h2 class=\"wp-block-heading\" id=\"h-escroquerie-et-arnaque-sur-internet\">Escroquerie et Arnaque sur Internet&#8230;<\/h2>\n\n\n<p><iframe src=\"https:\/\/www.facebook.com\/plugins\/post.php?href=https%3A%2F%2Fwww.facebook.com%2FServicePublicFr%2Fposts%2F1366187780460591&amp;show_text=true&amp;width=500\" width=\"500\" height=\"546\" style=\"border:none;overflow:hidden\" scrolling=\"no\" frameborder=\"0\" allowfullscreen=\"true\" allow=\"autoplay; clipboard-write; encrypted-media; picture-in-picture; web-share\"><\/iframe><\/p>\n\n\n\n<div style=\"height:30px\" aria-hidden=\"true\" class=\"wp-block-spacer\"><\/div>\n\n\n\n<h2 class=\"wp-block-heading\" id=\"h-qu-est-ce-que-le-taeg\">Qu&rsquo;est ce que le TAEG ?<\/h2>\n\n\n<p><iframe width=\"560\" height=\"315\" src=\"https:\/\/www.youtube.com\/embed\/i--CSHjGH44\" title=\"YouTube video player\" frameborder=\"0\" allow=\"accelerometer; autoplay; clipboard-write; encrypted-media; gyroscope; picture-in-picture\" allowfullscreen=\"\"><\/iframe><\/p>\n\n\n\n<hr class=\"wp-block-separator aligncenter\"\/>\n\n\n\n<h2 class=\"wp-block-heading\" id=\"h-services-publics\">Services Publics<\/h2>\n\n\n\n<h2 class=\"wp-block-heading\" id=\"h-les-flux-de-economie-gouv-fr\">Les flux de \u00e9conomie.gouv.fr<\/h2>\n\n\n\n<p><\/p>\n\n\n<div class=\"components-placeholder\"><div class=\"notice notice-error\"><strong>Erreur RSS\u00a0:<\/strong> Retrieved unsupported status code &quot;403&quot;<\/div><\/div>\n\n\n<div style=\"height:16px\" aria-hidden=\"true\" class=\"wp-block-spacer\"><\/div>\n\n\n\n<div style=\"height:21px\" aria-hidden=\"true\" class=\"wp-block-spacer\"><\/div>\n\n\n\n<h2 class=\"wp-block-heading\" id=\"h-preparer-sa-retraite\">Pr\u00e9parer sa retraite<\/h2>\n\n\n<p><iframe width=\"560\" height=\"315\" src=\"https:\/\/www.youtube.com\/embed\/S7G4D_eaGAQ\" title=\"YouTube video player\" frameborder=\"0\" allow=\"accelerometer; autoplay; clipboard-write; encrypted-media; gyroscope; picture-in-picture\" allowfullscreen=\"\"><\/iframe><\/p>\n\n\n<p>[USM_form]<\/p>\n\n\n<div class=\"components-placeholder\"><div class=\"notice notice-error\"><strong>Erreur RSS\u00a0:<\/strong> Retrieved unsupported status code &quot;400&quot;<\/div><\/div>\n\n\n<pre class=\"wp-block-code\"><code>\/?&amp;utm_source=SpecificFeeds&amp;utm_medium=email<\/code><\/pre>\n\n\n\n<div class=\"wp-block-image\"><figure class=\"aligncenter size-full is-resized\"><img decoding=\"async\" src=\"https:\/\/www.espacefinance.com\/133881bdd\/wp-content\/uploads\/2022\/03\/INFO2.jpg\" alt=\"\" class=\"wp-image-1602\" width=\"281\" height=\"190\" srcset=\"https:\/\/www.espacefinance.com\/133881bdd\/wp-content\/uploads\/2022\/03\/INFO2.jpg 562w, https:\/\/www.espacefinance.com\/133881bdd\/wp-content\/uploads\/2022\/03\/INFO2-300x203.jpg 300w\" sizes=\"(max-width: 281px) 100vw, 281px\" \/><\/figure><\/div>\n\n\n<p><\/p>\n<div class=\"h-column h-column-container d-flex h-col-lg-auto h-col-md-auto h-col-auto style-548-outer style-local-1600-c6-outer\">\n<div data-colibri-id=\"1600-c6\" class=\"d-flex h-flex-basis h-column__inner h-ui-empty-state-container h-px-lg-2 h-px-md-2 h-px-2 v-inner-lg-2 v-inner-md-2 v-inner-2 style-548 style-local-1600-c6 position-relative\">\n              <!----><br>\n              <!----><p><\/p>\n<div class=\"w-100 h-y-container h-column__content h-column__v-align flex-basis-100\">\n                <!---->\n              <\/div>\n<p><\/p>\n<\/div>\n<\/div>","protected":false},"excerpt":{"rendered":"<p>R\u00e8gles d&rsquo;or pour circuler \u00e0 v\u00e9lo Trotinette Electrique Comment r\u00e9duire vos imp\u00f4ts gr\u00e2ce au d\u00e9ficit foncier ? Bercy Infos&#8230; Escroquerie et Arnaque sur Internet&#8230; Qu&rsquo;est ce que le TAEG ? Services Publics Les flux de \u00e9conomie.gouv.fr Pr\u00e9parer sa retraite<\/p>\n","protected":false},"author":1,"featured_media":1602,"parent":34,"menu_order":4,"comment_status":"closed","ping_status":"closed","template":"page-templates\/full-width-page.php","meta":{"footnotes":""},"class_list":["post-1600","page","type-page","status-publish","has-post-thumbnail","hentry"],"yoast_head":"<!-- This site is optimized with the Yoast SEO Premium plugin v20.0 (Yoast SEO v27.5) - https:\/\/yoast.com\/product\/yoast-seo-premium-wordpress\/ -->\n<title>Informations Utiles Ymanci N\u00eemes<\/title>\n<meta name=\"description\" content=\"Informations Utiles courtier Ymanci N\u00eemes N\u00eemes - Cr\u00e9dit Immobilier &amp; Assurances Informations Utiles\" \/>\n<meta name=\"robots\" content=\"index, follow, max-snippet:-1, max-image-preview:large, max-video-preview:-1\" \/>\n<link rel=\"canonical\" href=\"https:\/\/www.espacefinance.com\/133881bdd\/courtier-credit-immobilier-nimes\/informations-utiles\/\" \/>\n<meta property=\"og:locale\" content=\"fr_FR\" \/>\n<meta property=\"og:type\" content=\"article\" \/>\n<meta property=\"og:title\" content=\"Informations Utiles\" \/>\n<meta property=\"og:description\" content=\"Informations Utiles courtier Ymanci N\u00eemes N\u00eemes - Cr\u00e9dit Immobilier &amp; Assurances Informations Utiles\" \/>\n<meta property=\"og:url\" content=\"https:\/\/www.espacefinance.com\/133881bdd\/courtier-credit-immobilier-nimes\/informations-utiles\/\" \/>\n<meta property=\"og:site_name\" content=\"N\u00eemes - Cr\u00e9dit Immobilier &amp; Assurances\" \/>\n<meta property=\"article:publisher\" content=\"https:\/\/www.facebook.com\/ymanci.credit.immobilier.assurance\" \/>\n<meta property=\"article:modified_time\" content=\"2022-05-24T11:15:25+00:00\" \/>\n<meta property=\"og:image\" content=\"https:\/\/www.espacefinance.com\/133881bdd\/wp-content\/uploads\/2022\/03\/INFO2.jpg\" \/>\n\t<meta property=\"og:image:width\" content=\"562\" \/>\n\t<meta property=\"og:image:height\" content=\"380\" \/>\n\t<meta property=\"og:image:type\" content=\"image\/jpeg\" \/>\n<meta name=\"twitter:card\" content=\"summary_large_image\" \/>\n<meta name=\"twitter:site\" content=\"@YMANCI_NIMES\" \/>\n<meta name=\"twitter:label1\" content=\"Dur\u00e9e de lecture estim\u00e9e\" \/>\n\t<meta name=\"twitter:data1\" content=\"1 minute\" \/>\n<script type=\"application\/ld+json\" class=\"yoast-schema-graph\">{\"@context\":\"https:\\\/\\\/schema.org\",\"@graph\":[{\"@type\":\"WebPage\",\"@id\":\"https:\\\/\\\/www.espacefinance.com\\\/133881bdd\\\/courtier-credit-immobilier-nimes\\\/informations-utiles\\\/\",\"url\":\"https:\\\/\\\/www.espacefinance.com\\\/133881bdd\\\/courtier-credit-immobilier-nimes\\\/informations-utiles\\\/\",\"name\":\"Informations Utiles Ymanci N\u00eemes\",\"isPartOf\":{\"@id\":\"https:\\\/\\\/www.espacefinance.com\\\/133881bdd\\\/#website\"},\"primaryImageOfPage\":{\"@id\":\"https:\\\/\\\/www.espacefinance.com\\\/133881bdd\\\/courtier-credit-immobilier-nimes\\\/informations-utiles\\\/#primaryimage\"},\"image\":{\"@id\":\"https:\\\/\\\/www.espacefinance.com\\\/133881bdd\\\/courtier-credit-immobilier-nimes\\\/informations-utiles\\\/#primaryimage\"},\"thumbnailUrl\":\"https:\\\/\\\/www.espacefinance.com\\\/133881bdd\\\/wp-content\\\/uploads\\\/2022\\\/03\\\/INFO2.jpg\",\"datePublished\":\"2022-03-21T17:38:15+00:00\",\"dateModified\":\"2022-05-24T11:15:25+00:00\",\"description\":\"Informations Utiles courtier Ymanci N\u00eemes N\u00eemes - Cr\u00e9dit Immobilier &amp; Assurances Informations Utiles\",\"breadcrumb\":{\"@id\":\"https:\\\/\\\/www.espacefinance.com\\\/133881bdd\\\/courtier-credit-immobilier-nimes\\\/informations-utiles\\\/#breadcrumb\"},\"inLanguage\":\"fr-FR\",\"potentialAction\":[{\"@type\":\"ReadAction\",\"target\":[\"https:\\\/\\\/www.espacefinance.com\\\/133881bdd\\\/courtier-credit-immobilier-nimes\\\/informations-utiles\\\/\"]}]},{\"@type\":\"ImageObject\",\"inLanguage\":\"fr-FR\",\"@id\":\"https:\\\/\\\/www.espacefinance.com\\\/133881bdd\\\/courtier-credit-immobilier-nimes\\\/informations-utiles\\\/#primaryimage\",\"url\":\"https:\\\/\\\/www.espacefinance.com\\\/133881bdd\\\/wp-content\\\/uploads\\\/2022\\\/03\\\/INFO2.jpg\",\"contentUrl\":\"https:\\\/\\\/www.espacefinance.com\\\/133881bdd\\\/wp-content\\\/uploads\\\/2022\\\/03\\\/INFO2.jpg\",\"width\":562,\"height\":380},{\"@type\":\"BreadcrumbList\",\"@id\":\"https:\\\/\\\/www.espacefinance.com\\\/133881bdd\\\/courtier-credit-immobilier-nimes\\\/informations-utiles\\\/#breadcrumb\",\"itemListElement\":[{\"@type\":\"ListItem\",\"position\":1,\"name\":\"Accueil\",\"item\":\"https:\\\/\\\/www.espacefinance.com\\\/133881bdd\\\/\"},{\"@type\":\"ListItem\",\"position\":2,\"name\":\"ymanci cr\u00e9dit immobilier n\u00eemes\",\"item\":\"https:\\\/\\\/www.espacefinance.com\\\/133881bdd\\\/\"},{\"@type\":\"ListItem\",\"position\":3,\"name\":\"informations utiles\"}]},{\"@type\":\"WebSite\",\"@id\":\"https:\\\/\\\/www.espacefinance.com\\\/133881bdd\\\/#website\",\"url\":\"https:\\\/\\\/www.espacefinance.com\\\/133881bdd\\\/\",\"name\":\"N\u00eemes - Cr\u00e9dit Immobilier &amp; Assurances\",\"description\":\"Notre expertise \u00e0 votre service en toute transparence\",\"publisher\":{\"@id\":\"https:\\\/\\\/www.espacefinance.com\\\/133881bdd\\\/#organization\"},\"potentialAction\":[{\"@type\":\"SearchAction\",\"target\":{\"@type\":\"EntryPoint\",\"urlTemplate\":\"https:\\\/\\\/www.espacefinance.com\\\/133881bdd\\\/?s={search_term_string}\"},\"query-input\":{\"@type\":\"PropertyValueSpecification\",\"valueRequired\":true,\"valueName\":\"search_term_string\"}}],\"inLanguage\":\"fr-FR\"},{\"@type\":\"Organization\",\"@id\":\"https:\\\/\\\/www.espacefinance.com\\\/133881bdd\\\/#organization\",\"name\":\"ESPACE FINANCE LP\",\"url\":\"https:\\\/\\\/www.espacefinance.com\\\/133881bdd\\\/\",\"logo\":{\"@type\":\"ImageObject\",\"inLanguage\":\"fr-FR\",\"@id\":\"https:\\\/\\\/www.espacefinance.com\\\/133881bdd\\\/#\\\/schema\\\/logo\\\/image\\\/\",\"url\":\"https:\\\/\\\/www.espacefinance.com\\\/133881bdd\\\/wp-content\\\/uploads\\\/2022\\\/03\\\/LOGO-ESFI-YMANCI-022022.jpg\",\"contentUrl\":\"https:\\\/\\\/www.espacefinance.com\\\/133881bdd\\\/wp-content\\\/uploads\\\/2022\\\/03\\\/LOGO-ESFI-YMANCI-022022.jpg\",\"width\":1273,\"height\":710,\"caption\":\"ESPACE FINANCE LP\"},\"image\":{\"@id\":\"https:\\\/\\\/www.espacefinance.com\\\/133881bdd\\\/#\\\/schema\\\/logo\\\/image\\\/\"},\"sameAs\":[\"https:\\\/\\\/www.facebook.com\\\/ymanci.credit.immobilier.assurance\",\"https:\\\/\\\/x.com\\\/YMANCI_NIMES\",\"https:\\\/\\\/www.instagram.com\\\/espacefinancelp_ymanci_nimes\\\/?hl=fr\",\"https:\\\/\\\/www.linkedin.com\\\/showcase\\\/ymanci-nmes\\\/\",\"https:\\\/\\\/www.youtube.com\\\/channel\\\/UC1PRm7p_QVdRMUaS_Hq6zwA\"]}]}<\/script>\n<!-- \/ Yoast SEO Premium plugin. -->","yoast_head_json":{"title":"Informations Utiles Ymanci N\u00eemes","description":"Informations Utiles courtier Ymanci N\u00eemes N\u00eemes - Cr\u00e9dit Immobilier &amp; Assurances Informations Utiles","robots":{"index":"index","follow":"follow","max-snippet":"max-snippet:-1","max-image-preview":"max-image-preview:large","max-video-preview":"max-video-preview:-1"},"canonical":"https:\/\/www.espacefinance.com\/133881bdd\/courtier-credit-immobilier-nimes\/informations-utiles\/","og_locale":"fr_FR","og_type":"article","og_title":"Informations Utiles","og_description":"Informations Utiles courtier Ymanci N\u00eemes N\u00eemes - Cr\u00e9dit Immobilier &amp; Assurances Informations Utiles","og_url":"https:\/\/www.espacefinance.com\/133881bdd\/courtier-credit-immobilier-nimes\/informations-utiles\/","og_site_name":"N\u00eemes - Cr\u00e9dit Immobilier &amp; Assurances","article_publisher":"https:\/\/www.facebook.com\/ymanci.credit.immobilier.assurance","article_modified_time":"2022-05-24T11:15:25+00:00","og_image":[{"width":562,"height":380,"url":"https:\/\/www.espacefinance.com\/133881bdd\/wp-content\/uploads\/2022\/03\/INFO2.jpg","type":"image\/jpeg"}],"twitter_card":"summary_large_image","twitter_site":"@YMANCI_NIMES","twitter_misc":{"Dur\u00e9e de lecture estim\u00e9e":"1 minute"},"schema":{"@context":"https:\/\/schema.org","@graph":[{"@type":"WebPage","@id":"https:\/\/www.espacefinance.com\/133881bdd\/courtier-credit-immobilier-nimes\/informations-utiles\/","url":"https:\/\/www.espacefinance.com\/133881bdd\/courtier-credit-immobilier-nimes\/informations-utiles\/","name":"Informations Utiles Ymanci N\u00eemes","isPartOf":{"@id":"https:\/\/www.espacefinance.com\/133881bdd\/#website"},"primaryImageOfPage":{"@id":"https:\/\/www.espacefinance.com\/133881bdd\/courtier-credit-immobilier-nimes\/informations-utiles\/#primaryimage"},"image":{"@id":"https:\/\/www.espacefinance.com\/133881bdd\/courtier-credit-immobilier-nimes\/informations-utiles\/#primaryimage"},"thumbnailUrl":"https:\/\/www.espacefinance.com\/133881bdd\/wp-content\/uploads\/2022\/03\/INFO2.jpg","datePublished":"2022-03-21T17:38:15+00:00","dateModified":"2022-05-24T11:15:25+00:00","description":"Informations Utiles courtier Ymanci N\u00eemes N\u00eemes - Cr\u00e9dit Immobilier &amp; Assurances Informations Utiles","breadcrumb":{"@id":"https:\/\/www.espacefinance.com\/133881bdd\/courtier-credit-immobilier-nimes\/informations-utiles\/#breadcrumb"},"inLanguage":"fr-FR","potentialAction":[{"@type":"ReadAction","target":["https:\/\/www.espacefinance.com\/133881bdd\/courtier-credit-immobilier-nimes\/informations-utiles\/"]}]},{"@type":"ImageObject","inLanguage":"fr-FR","@id":"https:\/\/www.espacefinance.com\/133881bdd\/courtier-credit-immobilier-nimes\/informations-utiles\/#primaryimage","url":"https:\/\/www.espacefinance.com\/133881bdd\/wp-content\/uploads\/2022\/03\/INFO2.jpg","contentUrl":"https:\/\/www.espacefinance.com\/133881bdd\/wp-content\/uploads\/2022\/03\/INFO2.jpg","width":562,"height":380},{"@type":"BreadcrumbList","@id":"https:\/\/www.espacefinance.com\/133881bdd\/courtier-credit-immobilier-nimes\/informations-utiles\/#breadcrumb","itemListElement":[{"@type":"ListItem","position":1,"name":"Accueil","item":"https:\/\/www.espacefinance.com\/133881bdd\/"},{"@type":"ListItem","position":2,"name":"ymanci cr\u00e9dit immobilier n\u00eemes","item":"https:\/\/www.espacefinance.com\/133881bdd\/"},{"@type":"ListItem","position":3,"name":"informations utiles"}]},{"@type":"WebSite","@id":"https:\/\/www.espacefinance.com\/133881bdd\/#website","url":"https:\/\/www.espacefinance.com\/133881bdd\/","name":"N\u00eemes - Cr\u00e9dit Immobilier &amp; Assurances","description":"Notre expertise \u00e0 votre service en toute transparence","publisher":{"@id":"https:\/\/www.espacefinance.com\/133881bdd\/#organization"},"potentialAction":[{"@type":"SearchAction","target":{"@type":"EntryPoint","urlTemplate":"https:\/\/www.espacefinance.com\/133881bdd\/?s={search_term_string}"},"query-input":{"@type":"PropertyValueSpecification","valueRequired":true,"valueName":"search_term_string"}}],"inLanguage":"fr-FR"},{"@type":"Organization","@id":"https:\/\/www.espacefinance.com\/133881bdd\/#organization","name":"ESPACE FINANCE LP","url":"https:\/\/www.espacefinance.com\/133881bdd\/","logo":{"@type":"ImageObject","inLanguage":"fr-FR","@id":"https:\/\/www.espacefinance.com\/133881bdd\/#\/schema\/logo\/image\/","url":"https:\/\/www.espacefinance.com\/133881bdd\/wp-content\/uploads\/2022\/03\/LOGO-ESFI-YMANCI-022022.jpg","contentUrl":"https:\/\/www.espacefinance.com\/133881bdd\/wp-content\/uploads\/2022\/03\/LOGO-ESFI-YMANCI-022022.jpg","width":1273,"height":710,"caption":"ESPACE FINANCE LP"},"image":{"@id":"https:\/\/www.espacefinance.com\/133881bdd\/#\/schema\/logo\/image\/"},"sameAs":["https:\/\/www.facebook.com\/ymanci.credit.immobilier.assurance","https:\/\/x.com\/YMANCI_NIMES","https:\/\/www.instagram.com\/espacefinancelp_ymanci_nimes\/?hl=fr","https:\/\/www.linkedin.com\/showcase\/ymanci-nmes\/","https:\/\/www.youtube.com\/channel\/UC1PRm7p_QVdRMUaS_Hq6zwA"]}]}},"_links":{"self":[{"href":"https:\/\/www.espacefinance.com\/133881bdd\/wp-json\/wp\/v2\/pages\/1600","targetHints":{"allow":["GET"]}}],"collection":[{"href":"https:\/\/www.espacefinance.com\/133881bdd\/wp-json\/wp\/v2\/pages"}],"about":[{"href":"https:\/\/www.espacefinance.com\/133881bdd\/wp-json\/wp\/v2\/types\/page"}],"author":[{"embeddable":true,"href":"https:\/\/www.espacefinance.com\/133881bdd\/wp-json\/wp\/v2\/users\/1"}],"replies":[{"embeddable":true,"href":"https:\/\/www.espacefinance.com\/133881bdd\/wp-json\/wp\/v2\/comments?post=1600"}],"version-history":[{"count":4,"href":"https:\/\/www.espacefinance.com\/133881bdd\/wp-json\/wp\/v2\/pages\/1600\/revisions"}],"predecessor-version":[{"id":2767,"href":"https:\/\/www.espacefinance.com\/133881bdd\/wp-json\/wp\/v2\/pages\/1600\/revisions\/2767"}],"up":[{"embeddable":true,"href":"https:\/\/www.espacefinance.com\/133881bdd\/wp-json\/wp\/v2\/pages\/34"}],"wp:featuredmedia":[{"embeddable":true,"href":"https:\/\/www.espacefinance.com\/133881bdd\/wp-json\/wp\/v2\/media\/1602"}],"wp:attachment":[{"href":"https:\/\/www.espacefinance.com\/133881bdd\/wp-json\/wp\/v2\/media?parent=1600"}],"curies":[{"name":"wp","href":"https:\/\/api.w.org\/{rel}","templated":true}]}}