{"id":1370,"date":"2022-03-16T13:45:25","date_gmt":"2022-03-16T12:45:25","guid":{"rendered":"https:\/\/www.espacefinance.com\/133881bdd\/?page_id=1370"},"modified":"2022-04-01T13:42:49","modified_gmt":"2022-04-01T11:42:49","slug":"assurance-emprunteur-changer","status":"publish","type":"page","link":"https:\/\/www.espacefinance.com\/133881bdd\/assurances-particuliers-professionnel-entreprise\/assurances-particuliers-auto-habitation\/assurance-emprunteur-changer\/","title":{"rendered":"Assurance Emprunteur"},"content":{"rendered":"\n<h3 class=\"wp-block-heading\" id=\"assurance-emprunteur\">1-<em>Un choix essentiel<\/em><\/h3>\n\n\n\n<p>Pour r\u00e9pondre au plus grand nombre de vos besoins, nous vous proposons des produits d\u2019assurances de pr\u00eat, aux meilleures conditions tarifaires.<\/p>\n\n\n\n<p><strong>Vous prot\u00e9ger, prot\u00e9ger votre famille sont des incontournables&nbsp;; nous vous aidons donc \u00e0 choisir la ou les solutions les plus adapt\u00e9es \u00e0 vos besoins.<\/strong><\/p>\n\n\n\n<div class=\"wp-block-media-text alignwide is-stacked-on-mobile is-image-fill\" id=\"assurance-emprunteur\"><figure class=\"wp-block-media-text__media\" style=\"background-image:url(https:\/\/www.espacefinance.com\/133881bdd\/wp-content\/uploads\/2022\/03\/ASSPRET3.jpg);background-position:50% 50%\"><img decoding=\"async\" width=\"275\" height=\"183\" src=\"https:\/\/www.espacefinance.com\/133881bdd\/wp-content\/uploads\/2022\/03\/ASSPRET3.jpg\" alt=\"Votre Assurance de Pr\u00eat optimale au juste prix. Economisez tout en b\u00e9n\u00e9ficiant d'excellentes garanties, conformes aux attentes des \u00e9tablissements bancaires. #assuranceemprunteur #assurancedepr\u00eat\" class=\"wp-image-1375 size-full\"\/><\/figure><div class=\"wp-block-media-text__content\">\n<p class=\"has-small-font-size\">Si l\u2019assurance emprunteur n\u2019est l\u00e9galement pas obligatoire pour obtenir un cr\u00e9dit immobilier, elle reste fortement recommand\u00e9e. En effet, la majorit\u00e9 des \u00e9tablissements bancaires souhaitent se prot\u00e9ger et exigent de leurs clients la souscription \u00e0 une assurance pr\u00eat immobilier, notamment lorsque ces derniers ne disposent pas d\u2019un apport initial cons\u00e9quent. Les assurances emprunteur peuvent repr\u00e9senter en moyenne jusqu\u2019\u00e0 un tiers du co\u00fbt total d\u2019un cr\u00e9dit immobilier. Il est donc important de choisir un contrat efficace et adapt\u00e9\u2009!<\/p>\n<\/div><\/div>\n\n\n\n<hr class=\"wp-block-separator aligncenter\"\/>\n\n\n\n<p class=\"has-small-font-size\">Si le&nbsp;<a href=\"https:\/\/ymanci.fr\/assurances\/assurance-emprunteur\/guide\/guide-de-lassurance\/calcul-taux\">taux d\u2019une assurance emprunteur<\/a>&nbsp;a bien \u00e9videmment un&nbsp;<strong>impact sur le co\u00fbt de l\u2019assurance<\/strong>&nbsp;en lui-m\u00eame, il a \u00e9galement un impact sur le co\u00fbt global du cr\u00e9dit immobilier !<\/p>\n\n\n\n<p class=\"has-small-font-size\">En effet, beaucoup d\u2019emprunteurs ont tendance \u00e0 ne prendre en compte que le taux d\u2019int\u00e9r\u00eat pour calculer le co\u00fbt total de leur pr\u00eat immobilier. <\/p>\n\n\n\n<p class=\"has-small-font-size\">Cependant, d\u2019autres crit\u00e8res doivent \u00eatre pris en compte : les frais bancaires, d\u2019hypoth\u00e8que, de caution et de garanties par exemple, mais surtout la prime d\u2019assurance.<\/p>\n\n\n\n<p class=\"has-small-font-size\">Plus le taux, TAEA, de l\u2019assurance emprunteur est \u00e9lev\u00e9, plus les cotisations mensuelles le sont aussi. Une augmentation de la prime d\u2019assurance entra\u00eene automatiquement une augmentation des mensualit\u00e9s du cr\u00e9dit immobilier, et donc de son co\u00fbt global!<\/p>\n\n\n\n<p class=\"has-small-font-size\">Il appara\u00eet clairement que le taux d\u2019assurance appliqu\u00e9 impacte fortement le co\u00fbt global du cr\u00e9dit immobilier !<\/p>\n\n\n\n<p class=\"has-small-font-size\">Si les taux diff\u00e8rent en fonction du profil de l\u2019assur\u00e9, ils diff\u00e8rent \u00e9galement en fonction des compagnies d\u2019assurances : c\u2019est pourquoi la comparaison de diff\u00e9rentes offres est indispensable.<\/p>\n\n\n\n<hr class=\"wp-block-separator aligncenter\"\/>\n\n\n\n<h3 class=\"wp-block-heading\" id=\"assurance-emrprunteur\">2-<em>Nous sommes l\u00e0 pour vous conseiller en toute transparence<\/em> &amp; vous aider \u00e0:<\/h3>\n\n\n\n<ul class=\"wp-block-list\"><li>Bien comparer les garanties de l&rsquo;assurance emprunteur<\/li><li>Assurance Emprunteur &#8211; Quelles quotit\u00e9s choisir\u2009?<\/li><li>Comparer les taux d\u2019assurance emprunteur<\/li><li>Trouver la meilleure tarification en fonction de votre cas personnel<\/li><\/ul>\n\n\n\n<div style=\"height:40px\" aria-hidden=\"true\" class=\"wp-block-spacer\"><\/div>\n\n\n\n<h2 class=\"has-colibri-color-2-color has-text-color has-background wp-block-heading\" id=\"r\u00e9siliation-assurance-emprunteur\" style=\"background-color:#606061\">Avez-vous penser \u00e0 ren\u00e9gocier votre assurance de pr\u00eat?<\/h2>\n\n\n\n<p class=\"has-text-align-center has-medium-font-size\">Successivement les <strong><em>loi Lagarde, Hamon &amp; Bourquin<\/em><\/strong> vous offre la possibilit\u00e9 de changer d&rsquo;assurance emprunteur. A garanties \u00e9quivalentes, vous pouvez r\u00e9aliser de <strong>r\u00e9elles \u00e9conomies<\/strong>.<br><a href=\"https:\/\/www.espacefinance.com\/133881bdd\/assurances-particuliers-professionnel-entreprise\/resiliation-assurance-emprunteur\/\" target=\"_blank\" rel=\"noreferrer noopener\">Pour en savoir plus&#8230;.<\/a><\/p>\n\n\n\n<pre class=\"wp-block-code\"><code>&#91;forminator_form id=\"1968\"]<\/code><\/pre>\n\n\n\n<p><\/p>\n","protected":false},"excerpt":{"rendered":"<p>1-Un choix essentiel Pour r\u00e9pondre au plus grand nombre de vos besoins, nous vous proposons des produits d\u2019assurances de pr\u00eat, aux meilleures conditions tarifaires. Vous prot\u00e9ger, prot\u00e9ger votre famille sont des incontournables&nbsp;; nous vous aidons donc \u00e0 choisir la ou les solutions les plus adapt\u00e9es \u00e0 vos besoins. Si l\u2019assurance emprunteur n\u2019est l\u00e9galement pas obligatoire [&hellip;]<\/p>\n","protected":false},"author":1,"featured_media":1375,"parent":270,"menu_order":1,"comment_status":"closed","ping_status":"closed","template":"","meta":{"footnotes":""},"class_list":["post-1370","page","type-page","status-publish","has-post-thumbnail","hentry"],"yoast_head":"<!-- This site is optimized with the Yoast SEO Premium plugin v20.0 (Yoast SEO v27.5) - https:\/\/yoast.com\/product\/yoast-seo-premium-wordpress\/ -->\n<title>Assurance Emprunteur<\/title>\n<meta name=\"description\" content=\"Si l\u2019assurance emprunteur n\u2019est l\u00e9galement pas obligatoire pour obtenir un cr\u00e9dit immobilier, elle reste fortement recommand\u00e9e. En effet, la majorit\u00e9 des \u00e9tablissements bancaires souhaitent se prot\u00e9ger et exigent de leurs clients la souscription \u00e0 une assurance pr\u00eat immobilier, notamment lorsque ces derniers ne disposent pas d\u2019un apport initial cons\u00e9quent. Les assurances emprunteur pouvant repr\u00e9senter en moyenne jusqu\u2019\u00e0 un tiers du co\u00fbt total d\u2019un cr\u00e9dit immobilier, il est important de choisir un contrat efficace et adapt\u00e9\u2009! N\u00eemes - Cr\u00e9dit Immobilier &amp; Assurances Assurance Emprunteur\" \/>\n<meta name=\"robots\" content=\"index, follow, max-snippet:-1, max-image-preview:large, max-video-preview:-1\" \/>\n<link rel=\"canonical\" href=\"https:\/\/www.espacefinance.com\/133881bdd\/assurances-particuliers-professionnel-entreprise\/assurances-particuliers-auto-habitation\/assurance-emprunteur-changer\/\" \/>\n<meta property=\"og:locale\" content=\"fr_FR\" \/>\n<meta property=\"og:type\" content=\"article\" \/>\n<meta property=\"og:title\" content=\"Choisissez votre assurance de pr\u00eat N\u00eemes - Cr\u00e9dit Immobilier &amp; Assurances Assurance Emprunteur\" \/>\n<meta property=\"og:description\" content=\"Si l\u2019assurance emprunteur n\u2019est l\u00e9galement pas obligatoire pour obtenir un cr\u00e9dit immobilier, elle reste fortement recommand\u00e9e. En effet, la majorit\u00e9 des \u00e9tablissements bancaires souhaitent se prot\u00e9ger et exigent de leurs clients la souscription \u00e0 une assurance pr\u00eat immobilier, notamment lorsque ces derniers ne disposent pas d\u2019un apport initial cons\u00e9quent. Les assurances emprunteur pouvant repr\u00e9senter en moyenne jusqu\u2019\u00e0 un tiers du co\u00fbt total d\u2019un cr\u00e9dit immobilier, il est important de choisir un contrat efficace et adapt\u00e9\u2009!\" \/>\n<meta property=\"og:url\" content=\"https:\/\/www.espacefinance.com\/133881bdd\/assurances-particuliers-professionnel-entreprise\/assurances-particuliers-auto-habitation\/assurance-emprunteur-changer\/\" \/>\n<meta property=\"og:site_name\" content=\"N\u00eemes - Cr\u00e9dit Immobilier &amp; Assurances\" \/>\n<meta property=\"article:publisher\" content=\"https:\/\/www.facebook.com\/ymanci.credit.immobilier.assurance\" \/>\n<meta property=\"article:modified_time\" content=\"2022-04-01T11:42:49+00:00\" \/>\n<meta property=\"og:image\" content=\"https:\/\/www.espacefinance.com\/133881bdd\/wp-content\/uploads\/2022\/02\/ASSPRET4.png\" \/>\n\t<meta property=\"og:image:width\" content=\"940\" \/>\n\t<meta property=\"og:image:height\" content=\"788\" \/>\n\t<meta property=\"og:image:type\" content=\"image\/png\" \/>\n<meta name=\"twitter:card\" content=\"summary_large_image\" \/>\n<meta name=\"twitter:title\" content=\"Assurance Emprunteur\" \/>\n<meta name=\"twitter:site\" content=\"@YMANCI_NIMES\" \/>\n<meta name=\"twitter:label1\" content=\"Dur\u00e9e de lecture estim\u00e9e\" \/>\n\t<meta name=\"twitter:data1\" content=\"3 minutes\" \/>\n<script type=\"application\/ld+json\" class=\"yoast-schema-graph\">{\"@context\":\"https:\\\/\\\/schema.org\",\"@graph\":[{\"@type\":\"WebPage\",\"@id\":\"https:\\\/\\\/www.espacefinance.com\\\/133881bdd\\\/assurances-particuliers-professionnel-entreprise\\\/assurances-particuliers-auto-habitation\\\/assurance-emprunteur-changer\\\/\",\"url\":\"https:\\\/\\\/www.espacefinance.com\\\/133881bdd\\\/assurances-particuliers-professionnel-entreprise\\\/assurances-particuliers-auto-habitation\\\/assurance-emprunteur-changer\\\/\",\"name\":\"Assurance Emprunteur\",\"isPartOf\":{\"@id\":\"https:\\\/\\\/www.espacefinance.com\\\/133881bdd\\\/#website\"},\"primaryImageOfPage\":{\"@id\":\"https:\\\/\\\/www.espacefinance.com\\\/133881bdd\\\/assurances-particuliers-professionnel-entreprise\\\/assurances-particuliers-auto-habitation\\\/assurance-emprunteur-changer\\\/#primaryimage\"},\"image\":{\"@id\":\"https:\\\/\\\/www.espacefinance.com\\\/133881bdd\\\/assurances-particuliers-professionnel-entreprise\\\/assurances-particuliers-auto-habitation\\\/assurance-emprunteur-changer\\\/#primaryimage\"},\"thumbnailUrl\":\"https:\\\/\\\/www.espacefinance.com\\\/133881bdd\\\/wp-content\\\/uploads\\\/2022\\\/03\\\/ASSPRET3.jpg\",\"datePublished\":\"2022-03-16T12:45:25+00:00\",\"dateModified\":\"2022-04-01T11:42:49+00:00\",\"description\":\"Si l\u2019assurance emprunteur n\u2019est l\u00e9galement pas obligatoire pour obtenir un cr\u00e9dit immobilier, elle reste fortement recommand\u00e9e. En effet, la majorit\u00e9 des \u00e9tablissements bancaires souhaitent se prot\u00e9ger et exigent de leurs clients la souscription \u00e0 une assurance pr\u00eat immobilier, notamment lorsque ces derniers ne disposent pas d\u2019un apport initial cons\u00e9quent. Les assurances emprunteur pouvant repr\u00e9senter en moyenne jusqu\u2019\u00e0 un tiers du co\u00fbt total d\u2019un cr\u00e9dit immobilier, il est important de choisir un contrat efficace et adapt\u00e9\u2009! N\u00eemes - Cr\u00e9dit Immobilier &amp; Assurances Assurance Emprunteur\",\"breadcrumb\":{\"@id\":\"https:\\\/\\\/www.espacefinance.com\\\/133881bdd\\\/assurances-particuliers-professionnel-entreprise\\\/assurances-particuliers-auto-habitation\\\/assurance-emprunteur-changer\\\/#breadcrumb\"},\"inLanguage\":\"fr-FR\",\"potentialAction\":[{\"@type\":\"ReadAction\",\"target\":[\"https:\\\/\\\/www.espacefinance.com\\\/133881bdd\\\/assurances-particuliers-professionnel-entreprise\\\/assurances-particuliers-auto-habitation\\\/assurance-emprunteur-changer\\\/\"]}]},{\"@type\":\"ImageObject\",\"inLanguage\":\"fr-FR\",\"@id\":\"https:\\\/\\\/www.espacefinance.com\\\/133881bdd\\\/assurances-particuliers-professionnel-entreprise\\\/assurances-particuliers-auto-habitation\\\/assurance-emprunteur-changer\\\/#primaryimage\",\"url\":\"https:\\\/\\\/www.espacefinance.com\\\/133881bdd\\\/wp-content\\\/uploads\\\/2022\\\/03\\\/ASSPRET3.jpg\",\"contentUrl\":\"https:\\\/\\\/www.espacefinance.com\\\/133881bdd\\\/wp-content\\\/uploads\\\/2022\\\/03\\\/ASSPRET3.jpg\",\"width\":275,\"height\":183,\"caption\":\"Assurance Emprunteur\"},{\"@type\":\"BreadcrumbList\",\"@id\":\"https:\\\/\\\/www.espacefinance.com\\\/133881bdd\\\/assurances-particuliers-professionnel-entreprise\\\/assurances-particuliers-auto-habitation\\\/assurance-emprunteur-changer\\\/#breadcrumb\",\"itemListElement\":[{\"@type\":\"ListItem\",\"position\":1,\"name\":\"Accueil\",\"item\":\"https:\\\/\\\/www.espacefinance.com\\\/133881bdd\\\/\"},{\"@type\":\"ListItem\",\"position\":2,\"name\":\"Courtage en Assurances\",\"item\":\"https:\\\/\\\/www.espacefinance.com\\\/133881bdd\\\/assurances-particuliers-professionnel-entreprise\\\/\"},{\"@type\":\"ListItem\",\"position\":3,\"name\":\"Assurances pour les particuliers\",\"item\":\"https:\\\/\\\/www.espacefinance.com\\\/133881bdd\\\/assurances-particuliers-professionnel-entreprise\\\/assurances-particuliers-auto-habitation\\\/\"},{\"@type\":\"ListItem\",\"position\":4,\"name\":\"Assurance Emprunteur\"}]},{\"@type\":\"WebSite\",\"@id\":\"https:\\\/\\\/www.espacefinance.com\\\/133881bdd\\\/#website\",\"url\":\"https:\\\/\\\/www.espacefinance.com\\\/133881bdd\\\/\",\"name\":\"N\u00eemes - Cr\u00e9dit Immobilier &amp; Assurances\",\"description\":\"Notre expertise \u00e0 votre service en toute transparence\",\"publisher\":{\"@id\":\"https:\\\/\\\/www.espacefinance.com\\\/133881bdd\\\/#organization\"},\"potentialAction\":[{\"@type\":\"SearchAction\",\"target\":{\"@type\":\"EntryPoint\",\"urlTemplate\":\"https:\\\/\\\/www.espacefinance.com\\\/133881bdd\\\/?s={search_term_string}\"},\"query-input\":{\"@type\":\"PropertyValueSpecification\",\"valueRequired\":true,\"valueName\":\"search_term_string\"}}],\"inLanguage\":\"fr-FR\"},{\"@type\":\"Organization\",\"@id\":\"https:\\\/\\\/www.espacefinance.com\\\/133881bdd\\\/#organization\",\"name\":\"ESPACE FINANCE LP\",\"url\":\"https:\\\/\\\/www.espacefinance.com\\\/133881bdd\\\/\",\"logo\":{\"@type\":\"ImageObject\",\"inLanguage\":\"fr-FR\",\"@id\":\"https:\\\/\\\/www.espacefinance.com\\\/133881bdd\\\/#\\\/schema\\\/logo\\\/image\\\/\",\"url\":\"https:\\\/\\\/www.espacefinance.com\\\/133881bdd\\\/wp-content\\\/uploads\\\/2022\\\/03\\\/LOGO-ESFI-YMANCI-022022.jpg\",\"contentUrl\":\"https:\\\/\\\/www.espacefinance.com\\\/133881bdd\\\/wp-content\\\/uploads\\\/2022\\\/03\\\/LOGO-ESFI-YMANCI-022022.jpg\",\"width\":1273,\"height\":710,\"caption\":\"ESPACE FINANCE LP\"},\"image\":{\"@id\":\"https:\\\/\\\/www.espacefinance.com\\\/133881bdd\\\/#\\\/schema\\\/logo\\\/image\\\/\"},\"sameAs\":[\"https:\\\/\\\/www.facebook.com\\\/ymanci.credit.immobilier.assurance\",\"https:\\\/\\\/x.com\\\/YMANCI_NIMES\",\"https:\\\/\\\/www.instagram.com\\\/espacefinancelp_ymanci_nimes\\\/?hl=fr\",\"https:\\\/\\\/www.linkedin.com\\\/showcase\\\/ymanci-nmes\\\/\",\"https:\\\/\\\/www.youtube.com\\\/channel\\\/UC1PRm7p_QVdRMUaS_Hq6zwA\"]}]}<\/script>\n<!-- \/ Yoast SEO Premium plugin. -->","yoast_head_json":{"title":"Assurance Emprunteur","description":"Si l\u2019assurance emprunteur n\u2019est l\u00e9galement pas obligatoire pour obtenir un cr\u00e9dit immobilier, elle reste fortement recommand\u00e9e. En effet, la majorit\u00e9 des \u00e9tablissements bancaires souhaitent se prot\u00e9ger et exigent de leurs clients la souscription \u00e0 une assurance pr\u00eat immobilier, notamment lorsque ces derniers ne disposent pas d\u2019un apport initial cons\u00e9quent. Les assurances emprunteur pouvant repr\u00e9senter en moyenne jusqu\u2019\u00e0 un tiers du co\u00fbt total d\u2019un cr\u00e9dit immobilier, il est important de choisir un contrat efficace et adapt\u00e9\u2009! N\u00eemes - Cr\u00e9dit Immobilier &amp; Assurances Assurance Emprunteur","robots":{"index":"index","follow":"follow","max-snippet":"max-snippet:-1","max-image-preview":"max-image-preview:large","max-video-preview":"max-video-preview:-1"},"canonical":"https:\/\/www.espacefinance.com\/133881bdd\/assurances-particuliers-professionnel-entreprise\/assurances-particuliers-auto-habitation\/assurance-emprunteur-changer\/","og_locale":"fr_FR","og_type":"article","og_title":"Choisissez votre assurance de pr\u00eat N\u00eemes - Cr\u00e9dit Immobilier &amp; Assurances Assurance Emprunteur","og_description":"Si l\u2019assurance emprunteur n\u2019est l\u00e9galement pas obligatoire pour obtenir un cr\u00e9dit immobilier, elle reste fortement recommand\u00e9e. En effet, la majorit\u00e9 des \u00e9tablissements bancaires souhaitent se prot\u00e9ger et exigent de leurs clients la souscription \u00e0 une assurance pr\u00eat immobilier, notamment lorsque ces derniers ne disposent pas d\u2019un apport initial cons\u00e9quent. Les assurances emprunteur pouvant repr\u00e9senter en moyenne jusqu\u2019\u00e0 un tiers du co\u00fbt total d\u2019un cr\u00e9dit immobilier, il est important de choisir un contrat efficace et adapt\u00e9\u2009!","og_url":"https:\/\/www.espacefinance.com\/133881bdd\/assurances-particuliers-professionnel-entreprise\/assurances-particuliers-auto-habitation\/assurance-emprunteur-changer\/","og_site_name":"N\u00eemes - Cr\u00e9dit Immobilier &amp; Assurances","article_publisher":"https:\/\/www.facebook.com\/ymanci.credit.immobilier.assurance","article_modified_time":"2022-04-01T11:42:49+00:00","og_image":[{"width":940,"height":788,"url":"https:\/\/www.espacefinance.com\/133881bdd\/wp-content\/uploads\/2022\/02\/ASSPRET4.png","type":"image\/png"}],"twitter_card":"summary_large_image","twitter_title":"Assurance Emprunteur","twitter_site":"@YMANCI_NIMES","twitter_misc":{"Dur\u00e9e de lecture estim\u00e9e":"3 minutes"},"schema":{"@context":"https:\/\/schema.org","@graph":[{"@type":"WebPage","@id":"https:\/\/www.espacefinance.com\/133881bdd\/assurances-particuliers-professionnel-entreprise\/assurances-particuliers-auto-habitation\/assurance-emprunteur-changer\/","url":"https:\/\/www.espacefinance.com\/133881bdd\/assurances-particuliers-professionnel-entreprise\/assurances-particuliers-auto-habitation\/assurance-emprunteur-changer\/","name":"Assurance Emprunteur","isPartOf":{"@id":"https:\/\/www.espacefinance.com\/133881bdd\/#website"},"primaryImageOfPage":{"@id":"https:\/\/www.espacefinance.com\/133881bdd\/assurances-particuliers-professionnel-entreprise\/assurances-particuliers-auto-habitation\/assurance-emprunteur-changer\/#primaryimage"},"image":{"@id":"https:\/\/www.espacefinance.com\/133881bdd\/assurances-particuliers-professionnel-entreprise\/assurances-particuliers-auto-habitation\/assurance-emprunteur-changer\/#primaryimage"},"thumbnailUrl":"https:\/\/www.espacefinance.com\/133881bdd\/wp-content\/uploads\/2022\/03\/ASSPRET3.jpg","datePublished":"2022-03-16T12:45:25+00:00","dateModified":"2022-04-01T11:42:49+00:00","description":"Si l\u2019assurance emprunteur n\u2019est l\u00e9galement pas obligatoire pour obtenir un cr\u00e9dit immobilier, elle reste fortement recommand\u00e9e. En effet, la majorit\u00e9 des \u00e9tablissements bancaires souhaitent se prot\u00e9ger et exigent de leurs clients la souscription \u00e0 une assurance pr\u00eat immobilier, notamment lorsque ces derniers ne disposent pas d\u2019un apport initial cons\u00e9quent. Les assurances emprunteur pouvant repr\u00e9senter en moyenne jusqu\u2019\u00e0 un tiers du co\u00fbt total d\u2019un cr\u00e9dit immobilier, il est important de choisir un contrat efficace et adapt\u00e9\u2009! N\u00eemes - Cr\u00e9dit Immobilier &amp; Assurances Assurance Emprunteur","breadcrumb":{"@id":"https:\/\/www.espacefinance.com\/133881bdd\/assurances-particuliers-professionnel-entreprise\/assurances-particuliers-auto-habitation\/assurance-emprunteur-changer\/#breadcrumb"},"inLanguage":"fr-FR","potentialAction":[{"@type":"ReadAction","target":["https:\/\/www.espacefinance.com\/133881bdd\/assurances-particuliers-professionnel-entreprise\/assurances-particuliers-auto-habitation\/assurance-emprunteur-changer\/"]}]},{"@type":"ImageObject","inLanguage":"fr-FR","@id":"https:\/\/www.espacefinance.com\/133881bdd\/assurances-particuliers-professionnel-entreprise\/assurances-particuliers-auto-habitation\/assurance-emprunteur-changer\/#primaryimage","url":"https:\/\/www.espacefinance.com\/133881bdd\/wp-content\/uploads\/2022\/03\/ASSPRET3.jpg","contentUrl":"https:\/\/www.espacefinance.com\/133881bdd\/wp-content\/uploads\/2022\/03\/ASSPRET3.jpg","width":275,"height":183,"caption":"Assurance Emprunteur"},{"@type":"BreadcrumbList","@id":"https:\/\/www.espacefinance.com\/133881bdd\/assurances-particuliers-professionnel-entreprise\/assurances-particuliers-auto-habitation\/assurance-emprunteur-changer\/#breadcrumb","itemListElement":[{"@type":"ListItem","position":1,"name":"Accueil","item":"https:\/\/www.espacefinance.com\/133881bdd\/"},{"@type":"ListItem","position":2,"name":"Courtage en Assurances","item":"https:\/\/www.espacefinance.com\/133881bdd\/assurances-particuliers-professionnel-entreprise\/"},{"@type":"ListItem","position":3,"name":"Assurances pour les particuliers","item":"https:\/\/www.espacefinance.com\/133881bdd\/assurances-particuliers-professionnel-entreprise\/assurances-particuliers-auto-habitation\/"},{"@type":"ListItem","position":4,"name":"Assurance Emprunteur"}]},{"@type":"WebSite","@id":"https:\/\/www.espacefinance.com\/133881bdd\/#website","url":"https:\/\/www.espacefinance.com\/133881bdd\/","name":"N\u00eemes - Cr\u00e9dit Immobilier &amp; Assurances","description":"Notre expertise \u00e0 votre service en toute transparence","publisher":{"@id":"https:\/\/www.espacefinance.com\/133881bdd\/#organization"},"potentialAction":[{"@type":"SearchAction","target":{"@type":"EntryPoint","urlTemplate":"https:\/\/www.espacefinance.com\/133881bdd\/?s={search_term_string}"},"query-input":{"@type":"PropertyValueSpecification","valueRequired":true,"valueName":"search_term_string"}}],"inLanguage":"fr-FR"},{"@type":"Organization","@id":"https:\/\/www.espacefinance.com\/133881bdd\/#organization","name":"ESPACE FINANCE LP","url":"https:\/\/www.espacefinance.com\/133881bdd\/","logo":{"@type":"ImageObject","inLanguage":"fr-FR","@id":"https:\/\/www.espacefinance.com\/133881bdd\/#\/schema\/logo\/image\/","url":"https:\/\/www.espacefinance.com\/133881bdd\/wp-content\/uploads\/2022\/03\/LOGO-ESFI-YMANCI-022022.jpg","contentUrl":"https:\/\/www.espacefinance.com\/133881bdd\/wp-content\/uploads\/2022\/03\/LOGO-ESFI-YMANCI-022022.jpg","width":1273,"height":710,"caption":"ESPACE FINANCE LP"},"image":{"@id":"https:\/\/www.espacefinance.com\/133881bdd\/#\/schema\/logo\/image\/"},"sameAs":["https:\/\/www.facebook.com\/ymanci.credit.immobilier.assurance","https:\/\/x.com\/YMANCI_NIMES","https:\/\/www.instagram.com\/espacefinancelp_ymanci_nimes\/?hl=fr","https:\/\/www.linkedin.com\/showcase\/ymanci-nmes\/","https:\/\/www.youtube.com\/channel\/UC1PRm7p_QVdRMUaS_Hq6zwA"]}]}},"_links":{"self":[{"href":"https:\/\/www.espacefinance.com\/133881bdd\/wp-json\/wp\/v2\/pages\/1370","targetHints":{"allow":["GET"]}}],"collection":[{"href":"https:\/\/www.espacefinance.com\/133881bdd\/wp-json\/wp\/v2\/pages"}],"about":[{"href":"https:\/\/www.espacefinance.com\/133881bdd\/wp-json\/wp\/v2\/types\/page"}],"author":[{"embeddable":true,"href":"https:\/\/www.espacefinance.com\/133881bdd\/wp-json\/wp\/v2\/users\/1"}],"replies":[{"embeddable":true,"href":"https:\/\/www.espacefinance.com\/133881bdd\/wp-json\/wp\/v2\/comments?post=1370"}],"version-history":[{"count":0,"href":"https:\/\/www.espacefinance.com\/133881bdd\/wp-json\/wp\/v2\/pages\/1370\/revisions"}],"up":[{"embeddable":true,"href":"https:\/\/www.espacefinance.com\/133881bdd\/wp-json\/wp\/v2\/pages\/270"}],"wp:featuredmedia":[{"embeddable":true,"href":"https:\/\/www.espacefinance.com\/133881bdd\/wp-json\/wp\/v2\/media\/1375"}],"wp:attachment":[{"href":"https:\/\/www.espacefinance.com\/133881bdd\/wp-json\/wp\/v2\/media?parent=1370"}],"curies":[{"name":"wp","href":"https:\/\/api.w.org\/{rel}","templated":true}]}}